{"id":1012,"date":"2025-01-11T10:17:25","date_gmt":"2025-01-11T09:17:25","guid":{"rendered":"https:\/\/wppool.abenteuerbox.at\/DA_KV_Linz\/?page_id=1012"},"modified":"2025-01-24T16:54:30","modified_gmt":"2025-01-24T15:54:30","slug":"tobias-woegerer","status":"publish","type":"page","link":"https:\/\/wppool.abenteuerbox.at\/DA_KV_Linz\/?page_id=1012","title":{"rendered":"Tobias W\u00f6gerer"},"content":{"rendered":"\t\t<div data-elementor-type=\"wp-page\" data-elementor-id=\"1012\" class=\"elementor elementor-1012\">\n\t\t\t\t<div class=\"elementor-element elementor-element-792ba73 e-flex e-con-boxed e-con e-parent\" data-id=\"792ba73\" data-element_type=\"container\">\n\t\t\t\t\t<div class=\"e-con-inner\">\n\t\t<div class=\"elementor-element elementor-element-f9127ac e-con-full e-flex e-con e-child\" data-id=\"f9127ac\" data-element_type=\"container\">\n\t\t\t\t<div class=\"elementor-element elementor-element-e6651b6 elementor-widget elementor-widget-heading\" data-id=\"e6651b6\" data-element_type=\"widget\" data-widget_type=\"heading.default\">\n\t\t\t\t<div class=\"elementor-widget-container\">\n\t\t\t\t\t<h2 class=\"elementor-heading-title elementor-size-default\">Dirigent<\/h2>\t\t\t\t<\/div>\n\t\t\t\t<\/div>\n\t\t\t\t<div class=\"elementor-element elementor-element-4676879 elementor-widget elementor-widget-text-editor\" data-id=\"4676879\" data-element_type=\"widget\" data-widget_type=\"text-editor.default\">\n\t\t\t\t<div class=\"elementor-widget-container\">\n\t\t\t\t\t\t\t\t\t<p><strong>Auftritte im Linzer Konzertverein:<\/strong><\/p><p>06.10.2018, Kopie des Konzertes vom 4. April 1868<\/p>\t\t\t\t\t\t\t\t<\/div>\n\t\t\t\t<\/div>\n\t\t\t\t<\/div>\n\t\t<div class=\"elementor-element elementor-element-04706b0 e-con-full e-flex e-con e-child\" data-id=\"04706b0\" data-element_type=\"container\">\n\t\t\t\t<div class=\"elementor-element elementor-element-58cf5d2 elementor-widget elementor-widget-image\" data-id=\"58cf5d2\" data-element_type=\"widget\" data-widget_type=\"image.default\">\n\t\t\t\t<div class=\"elementor-widget-container\">\n\t\t\t\t\t\t\t\t\t\t\t\t\t\t\t<img fetchpriority=\"high\" decoding=\"async\" width=\"320\" height=\"480\" src=\"https:\/\/wppool.abenteuerbox.at\/DA_KV_Linz\/wp-content\/uploads\/2025\/01\/Woegerer_Tobias-1.jpg\" class=\"attachment-large size-large wp-image-6383\" alt=\"\" srcset=\"https:\/\/wppool.abenteuerbox.at\/DA_KV_Linz\/wp-content\/uploads\/2025\/01\/Woegerer_Tobias-1.jpg 320w, https:\/\/wppool.abenteuerbox.at\/DA_KV_Linz\/wp-content\/uploads\/2025\/01\/Woegerer_Tobias-1-200x300.jpg 200w\" sizes=\"100vw\" \/>\t\t\t\t\t\t\t\t\t\t\t\t\t\t\t<\/div>\n\t\t\t\t<\/div>\n\t\t\t\t<\/div>\n\t\t<div class=\"elementor-element elementor-element-8deb80e e-con-full e-flex e-con e-child\" data-id=\"8deb80e\" data-element_type=\"container\">\n\t\t\t\t<div class=\"elementor-element elementor-element-efea5d6 elementor-widget elementor-widget-text-editor\" data-id=\"efea5d6\" data-element_type=\"widget\" data-widget_type=\"text-editor.default\">\n\t\t\t\t<div class=\"elementor-widget-container\">\n\t\t\t\t\t\t\t\t\t<p>Tobias W\u00f6gerer wurde in Linz geboren und erhielt seine erste musikalische Ausbildung im O\u00d6 Landesmusikschulwerk und begann nach der Matura 2011 im Linzer Musikgymnasium mit dem Konzertfachstudium f\u00fcr Violoncello am Mozarteum Salzburg. Er ist mehrfacher Preistr\u00e4ger des \u00f6sterreichischen Wettbewerbs \u201ePrima La Musica\u201c und Mitglied in diversen Orchestern und Ensembles. Ambitionen zur Orchesterleitung entstanden w\u00e4hrend der Zeit am Linzer Musikgymnasium, welches ihm die M\u00f6glichkeit bot, als Dirigent des hauseigenen Orchesters zahlreiche Erfahrungen zu sammeln. Tobias W\u00f6gerer kann bereits auf sehr viele erfolgreiche Projekte in den letzten Jahren zur\u00fcckblicken. So gr\u00fcndete er mit dem Pianisten Florian Feilmair das \u201eSinfonische Kammerorchester O\u00d6\u201c (SKO O\u00d6) mit dem im April 2013 das Deb\u00fct-Konzert stattfand, das ein gro\u00dfer Erfolg war. Im M\u00e4rz 2014 deb\u00fctierte Tobias W\u00f6gerer im Brucknerhaus Linz, wo er mit dem \u201eSymphonic Ensemble Aktuell\u201c und dem Mozartchor des Linzer Musikgymnasiums die 2.Symphonie \u201eLobgesang\u201c von F-Mendelssohn-Bartholdy auff\u00fchrte. Tobias W\u00f6gerer setzt derzeit sein Konzertfachstudium im Fach Violoncello am Konservatorium Privatuniversit\u00e4t Wien fort und ist als Dirigent in verschiedenen Projekten im In- und Ausland engagiert.<br \/><br \/>(2016)<\/p>\t\t\t\t\t\t\t\t<\/div>\n\t\t\t\t<\/div>\n\t\t\t\t<div class=\"elementor-element elementor-element-4ba096e elementor-widget elementor-widget-text-editor\" data-id=\"4ba096e\" data-element_type=\"widget\" data-widget_type=\"text-editor.default\">\n\t\t\t\t<div class=\"elementor-widget-container\">\n\t\t\t\t\t\t\t\t\t<p style=\"text-align: right;\">\n<a href=\"javascript:history.back();\">Zur\u00fcck<\/a>\n<\/p>\t\t\t\t\t\t\t\t<\/div>\n\t\t\t\t<\/div>\n\t\t\t\t<\/div>\n\t\t\t\t\t<\/div>\n\t\t\t\t<\/div>\n\t\t\t\t<\/div>\n\t\t","protected":false},"excerpt":{"rendered":"<p>Dirigent Auftritte im Linzer Konzertverein: 06.10.2018, Kopie des Konzertes vom 4. April 1868 Tobias W\u00f6gerer wurde in Linz geboren und erhielt seine erste musikalische Ausbildung im O\u00d6 Landesmusikschulwerk und begann nach der Matura 2011 im Linzer Musikgymnasium mit dem Konzertfachstudium f\u00fcr Violoncello am Mozarteum Salzburg. Er ist mehrfacher Preistr\u00e4ger des \u00f6sterreichischen Wettbewerbs \u201ePrima La Musica\u201c &hellip; <\/p>\n<p class=\"link-more\"><a href=\"https:\/\/wppool.abenteuerbox.at\/DA_KV_Linz\/?page_id=1012\" class=\"more-link\">Read more<span class=\"screen-reader-text\"> &#8222;Tobias W\u00f6gerer&#8220;<\/span><\/a><\/p>\n","protected":false},"author":1,"featured_media":0,"parent":0,"menu_order":0,"comment_status":"closed","ping_status":"closed","template":"","meta":{"inspiro_hide_title":false,"footnotes":""},"class_list":["post-1012","page","type-page","status-publish","hentry"],"_links":{"self":[{"href":"https:\/\/wppool.abenteuerbox.at\/DA_KV_Linz\/index.php?rest_route=\/wp\/v2\/pages\/1012","targetHints":{"allow":["GET"]}}],"collection":[{"href":"https:\/\/wppool.abenteuerbox.at\/DA_KV_Linz\/index.php?rest_route=\/wp\/v2\/pages"}],"about":[{"href":"https:\/\/wppool.abenteuerbox.at\/DA_KV_Linz\/index.php?rest_route=\/wp\/v2\/types\/page"}],"author":[{"embeddable":true,"href":"https:\/\/wppool.abenteuerbox.at\/DA_KV_Linz\/index.php?rest_route=\/wp\/v2\/users\/1"}],"replies":[{"embeddable":true,"href":"https:\/\/wppool.abenteuerbox.at\/DA_KV_Linz\/index.php?rest_route=%2Fwp%2Fv2%2Fcomments&post=1012"}],"version-history":[{"count":25,"href":"https:\/\/wppool.abenteuerbox.at\/DA_KV_Linz\/index.php?rest_route=\/wp\/v2\/pages\/1012\/revisions"}],"predecessor-version":[{"id":6389,"href":"https:\/\/wppool.abenteuerbox.at\/DA_KV_Linz\/index.php?rest_route=\/wp\/v2\/pages\/1012\/revisions\/6389"}],"wp:attachment":[{"href":"https:\/\/wppool.abenteuerbox.at\/DA_KV_Linz\/index.php?rest_route=%2Fwp%2Fv2%2Fmedia&parent=1012"}],"curies":[{"name":"wp","href":"https:\/\/api.w.org\/{rel}","templated":true}]}}