{"id":1102,"date":"2025-01-11T12:14:30","date_gmt":"2025-01-11T11:14:30","guid":{"rendered":"https:\/\/wppool.abenteuerbox.at\/DA_KV_Linz\/?page_id=1102"},"modified":"2025-01-24T17:01:06","modified_gmt":"2025-01-24T16:01:06","slug":"ana-pauk","status":"publish","type":"page","link":"https:\/\/wppool.abenteuerbox.at\/DA_KV_Linz\/?page_id=1102","title":{"rendered":"Ana Pauk"},"content":{"rendered":"\t\t<div data-elementor-type=\"wp-page\" data-elementor-id=\"1102\" class=\"elementor elementor-1102\">\n\t\t\t\t<div class=\"elementor-element elementor-element-3a33d81 e-flex e-con-boxed e-con e-parent\" data-id=\"3a33d81\" data-element_type=\"container\">\n\t\t\t\t\t<div class=\"e-con-inner\">\n\t\t<div class=\"elementor-element elementor-element-ad789c7 e-con-full e-flex e-con e-child\" data-id=\"ad789c7\" data-element_type=\"container\">\n\t\t\t\t<div class=\"elementor-element elementor-element-a91f2af elementor-widget elementor-widget-heading\" data-id=\"a91f2af\" data-element_type=\"widget\" data-widget_type=\"heading.default\">\n\t\t\t\t<div class=\"elementor-widget-container\">\n\t\t\t\t\t<h2 class=\"elementor-heading-title elementor-size-default\">Violine<\/h2>\t\t\t\t<\/div>\n\t\t\t\t<\/div>\n\t\t\t\t<div class=\"elementor-element elementor-element-46cedb5 elementor-widget elementor-widget-text-editor\" data-id=\"46cedb5\" data-element_type=\"widget\" data-widget_type=\"text-editor.default\">\n\t\t\t\t<div class=\"elementor-widget-container\">\n\t\t\t\t\t\t\t\t\t<p><strong>Auftritte im Linzer Konzertverein:<\/strong><\/p><p>06.04.2016, Fr\u00fchjahrskonzert<\/p>\t\t\t\t\t\t\t\t<\/div>\n\t\t\t\t<\/div>\n\t\t\t\t<\/div>\n\t\t<div class=\"elementor-element elementor-element-b944105 e-con-full e-flex e-con e-child\" data-id=\"b944105\" data-element_type=\"container\">\n\t\t\t\t<div class=\"elementor-element elementor-element-d4561b8 elementor-widget elementor-widget-image\" data-id=\"d4561b8\" data-element_type=\"widget\" data-widget_type=\"image.default\">\n\t\t\t\t<div class=\"elementor-widget-container\">\n\t\t\t\t\t\t\t\t\t\t\t\t\t\t\t<img fetchpriority=\"high\" decoding=\"async\" width=\"279\" height=\"280\" src=\"https:\/\/wppool.abenteuerbox.at\/DA_KV_Linz\/wp-content\/uploads\/2025\/01\/Pauk_Ana.jpg\" class=\"attachment-large size-large wp-image-1104\" alt=\"\" srcset=\"https:\/\/wppool.abenteuerbox.at\/DA_KV_Linz\/wp-content\/uploads\/2025\/01\/Pauk_Ana.jpg 279w, https:\/\/wppool.abenteuerbox.at\/DA_KV_Linz\/wp-content\/uploads\/2025\/01\/Pauk_Ana-150x150.jpg 150w\" sizes=\"100vw\" \/>\t\t\t\t\t\t\t\t\t\t\t\t\t\t\t<\/div>\n\t\t\t\t<\/div>\n\t\t\t\t<\/div>\n\t\t<div class=\"elementor-element elementor-element-51cc388 e-con-full e-flex e-con e-child\" data-id=\"51cc388\" data-element_type=\"container\">\n\t\t\t\t<div class=\"elementor-element elementor-element-4e7c9ba elementor-widget elementor-widget-text-editor\" data-id=\"4e7c9ba\" data-element_type=\"widget\" data-widget_type=\"text-editor.default\">\n\t\t\t\t<div class=\"elementor-widget-container\">\n\t\t\t\t\t\t\t\t\t<p>Ana Pauk geboren in Belgrad, Serbien ist seit 2001 Geigerin im Brucknerorchester Linz.<\/p><p>1980 &#8211; Beginn der Musikalischen Ausbildung,<br \/>1984 &#8211; 1. Preis beim Wettbewerb f\u00fcr junge Geiger in Belgrad.<br \/>1986 &#8211; 3. Preis beim \u201e19. Wettbewerb f\u00fcr Musiksch\u00fcler und -studenten Serbiens,<br \/>1987 &#8211; Studium am Konservatorium der Stadt Wien (Klasse Prof. G. Schich),<br \/>1989 &#8211; Finalistin beim \u201eJ.B.Bach-Wettbewerb\u201c in Paris,<br \/>1992 &#8211; Staatliche Lehrbef\u00e4higungspr\u00fcfung mit Schwerpunkt Ensembleleitung,<br \/>1993 &#8211; Studium an der Wiener Universit\u00e4t f\u00fcr Musik (Klasse Prof. J. Meissl),<br \/>1996 &#8211; Abschluss des Studiums \u201eInstrumental- und Gesangsp\u00e4dagogik\u201c und Verleihung des Titels \u201eMagistra artium\u201c,<br \/>1997 &#8211; 1. Preis beim \u201e13. Internationalen Violinwettbewerb\u201c in Murcia,<br \/>1998 &#8211; &#8211; Preistr\u00e4gerin beim \u201e20. \u00d6sterreichischen Kammermusikfestival &#8211; allegro vivo\u201c,<br \/>2000 &#8211; 2002 Lehrauftrag am Prayner Konservatorium in Wien,<br \/>2001 &#8211; Mitglied des St\u00e4dtischen Orchesters Baden<br \/>2003 &#8211; Konzertfachdiplompr\u00fcfung an der Universit\u00e4t f\u00fcr Musik (Prof. J. Hell), noch einmal Verleihung des Titels \u201eMagistra artium\u201c,<br \/>2007 &#8211; Abschluss des postgradualen Studiums am Institut f\u00fcr Kulturmanagement in Wien und Verleihung des Titels \u201eMaster of Advanced Studies\u201c (MAS) seit<br \/>2008 &#8211; mehrere Auftritte mit Leonore Aumaier und Othmar M\u00fcller als Klaviertrio.<\/p><p>Ana Pauk erg\u00e4nzte ihr Violinstudium durch Privatunterreicht bei den Professoren Boris Kuschnir, Alexander Arenkow, Gerhard Schulz und Hubert Kroisamer.<\/p><p>(2014)<\/p>\t\t\t\t\t\t\t\t<\/div>\n\t\t\t\t<\/div>\n\t\t\t\t<div class=\"elementor-element elementor-element-f130a20 elementor-widget elementor-widget-text-editor\" data-id=\"f130a20\" data-element_type=\"widget\" data-widget_type=\"text-editor.default\">\n\t\t\t\t<div class=\"elementor-widget-container\">\n\t\t\t\t\t\t\t\t\t<p style=\"text-align: right;\">\n<a href=\"javascript:history.back();\">Zur\u00fcck<\/a>\n<\/p>\t\t\t\t\t\t\t\t<\/div>\n\t\t\t\t<\/div>\n\t\t\t\t<\/div>\n\t\t\t\t\t<\/div>\n\t\t\t\t<\/div>\n\t\t\t\t<\/div>\n\t\t","protected":false},"excerpt":{"rendered":"<p>Violine Auftritte im Linzer Konzertverein: 06.04.2016, Fr\u00fchjahrskonzert Ana Pauk geboren in Belgrad, Serbien ist seit 2001 Geigerin im Brucknerorchester Linz. 1980 &#8211; Beginn der Musikalischen Ausbildung,1984 &#8211; 1. Preis beim Wettbewerb f\u00fcr junge Geiger in Belgrad.1986 &#8211; 3. Preis beim \u201e19. Wettbewerb f\u00fcr Musiksch\u00fcler und -studenten Serbiens,1987 &#8211; Studium am Konservatorium der Stadt Wien (Klasse &hellip; <\/p>\n<p class=\"link-more\"><a href=\"https:\/\/wppool.abenteuerbox.at\/DA_KV_Linz\/?page_id=1102\" class=\"more-link\">Read more<span class=\"screen-reader-text\"> &#8222;Ana Pauk&#8220;<\/span><\/a><\/p>\n","protected":false},"author":1,"featured_media":0,"parent":0,"menu_order":0,"comment_status":"closed","ping_status":"closed","template":"","meta":{"inspiro_hide_title":false,"footnotes":""},"class_list":["post-1102","page","type-page","status-publish","hentry"],"_links":{"self":[{"href":"https:\/\/wppool.abenteuerbox.at\/DA_KV_Linz\/index.php?rest_route=\/wp\/v2\/pages\/1102","targetHints":{"allow":["GET"]}}],"collection":[{"href":"https:\/\/wppool.abenteuerbox.at\/DA_KV_Linz\/index.php?rest_route=\/wp\/v2\/pages"}],"about":[{"href":"https:\/\/wppool.abenteuerbox.at\/DA_KV_Linz\/index.php?rest_route=\/wp\/v2\/types\/page"}],"author":[{"embeddable":true,"href":"https:\/\/wppool.abenteuerbox.at\/DA_KV_Linz\/index.php?rest_route=\/wp\/v2\/users\/1"}],"replies":[{"embeddable":true,"href":"https:\/\/wppool.abenteuerbox.at\/DA_KV_Linz\/index.php?rest_route=%2Fwp%2Fv2%2Fcomments&post=1102"}],"version-history":[{"count":16,"href":"https:\/\/wppool.abenteuerbox.at\/DA_KV_Linz\/index.php?rest_route=\/wp\/v2\/pages\/1102\/revisions"}],"predecessor-version":[{"id":6419,"href":"https:\/\/wppool.abenteuerbox.at\/DA_KV_Linz\/index.php?rest_route=\/wp\/v2\/pages\/1102\/revisions\/6419"}],"wp:attachment":[{"href":"https:\/\/wppool.abenteuerbox.at\/DA_KV_Linz\/index.php?rest_route=%2Fwp%2Fv2%2Fmedia&parent=1102"}],"curies":[{"name":"wp","href":"https:\/\/api.w.org\/{rel}","templated":true}]}}