{"id":1146,"date":"2025-01-11T12:35:50","date_gmt":"2025-01-11T11:35:50","guid":{"rendered":"https:\/\/wppool.abenteuerbox.at\/DA_KV_Linz\/?page_id=1146"},"modified":"2025-01-24T17:03:21","modified_gmt":"2025-01-24T16:03:21","slug":"christa-ratzenboeck","status":"publish","type":"page","link":"https:\/\/wppool.abenteuerbox.at\/DA_KV_Linz\/?page_id=1146","title":{"rendered":"Christa Ratzenb\u00f6ck"},"content":{"rendered":"\t\t<div data-elementor-type=\"wp-page\" data-elementor-id=\"1146\" class=\"elementor elementor-1146\">\n\t\t\t\t<div class=\"elementor-element elementor-element-f608638 e-flex e-con-boxed e-con e-parent\" data-id=\"f608638\" data-element_type=\"container\">\n\t\t\t\t\t<div class=\"e-con-inner\">\n\t\t<div class=\"elementor-element elementor-element-70b75c8 e-con-full e-flex e-con e-child\" data-id=\"70b75c8\" data-element_type=\"container\">\n\t\t\t\t<div class=\"elementor-element elementor-element-c40ff4b elementor-widget elementor-widget-heading\" data-id=\"c40ff4b\" data-element_type=\"widget\" data-widget_type=\"heading.default\">\n\t\t\t\t<div class=\"elementor-widget-container\">\n\t\t\t\t\t<h2 class=\"elementor-heading-title elementor-size-default\">Mezzosopran<\/h2>\t\t\t\t<\/div>\n\t\t\t\t<\/div>\n\t\t\t\t<div class=\"elementor-element elementor-element-c58b494 elementor-widget elementor-widget-text-editor\" data-id=\"c58b494\" data-element_type=\"widget\" data-widget_type=\"text-editor.default\">\n\t\t\t\t<div class=\"elementor-widget-container\">\n\t\t\t\t\t\t\t\t\t<p><a href=\"http:\/\/www.christa-ratzenboeck.com\/Christa_Ratzenbock\/Start.html\">www.christa-ratzenboeck.com<\/a><\/p><p><strong>Auftritte im Linzer Konzertverein:<\/strong><\/p><p>25.03.2015, Sinfoniekonzert<br \/>30.11.2005, Jubil\u00e4umskonzert 160 Jahre Linzer Singakademie (Alt)<\/p>\t\t\t\t\t\t\t\t<\/div>\n\t\t\t\t<\/div>\n\t\t\t\t<\/div>\n\t\t<div class=\"elementor-element elementor-element-e29096c e-con-full e-flex e-con e-child\" data-id=\"e29096c\" data-element_type=\"container\">\n\t\t\t\t<div class=\"elementor-element elementor-element-2cdf98d elementor-widget elementor-widget-image\" data-id=\"2cdf98d\" data-element_type=\"widget\" data-widget_type=\"image.default\">\n\t\t\t\t<div class=\"elementor-widget-container\">\n\t\t\t\t\t\t\t\t\t\t\t\t\t\t\t<img fetchpriority=\"high\" decoding=\"async\" width=\"778\" height=\"1024\" src=\"https:\/\/wppool.abenteuerbox.at\/DA_KV_Linz\/wp-content\/uploads\/2025\/01\/Ratzenboeck_Christa-1-778x1024.jpg\" class=\"attachment-large size-large wp-image-6192\" alt=\"\" srcset=\"https:\/\/wppool.abenteuerbox.at\/DA_KV_Linz\/wp-content\/uploads\/2025\/01\/Ratzenboeck_Christa-1-778x1024.jpg 778w, https:\/\/wppool.abenteuerbox.at\/DA_KV_Linz\/wp-content\/uploads\/2025\/01\/Ratzenboeck_Christa-1-228x300.jpg 228w, https:\/\/wppool.abenteuerbox.at\/DA_KV_Linz\/wp-content\/uploads\/2025\/01\/Ratzenboeck_Christa-1.jpg 800w\" sizes=\"100vw\" \/>\t\t\t\t\t\t\t\t\t\t\t\t\t\t\t<\/div>\n\t\t\t\t<\/div>\n\t\t\t\t<\/div>\n\t\t<div class=\"elementor-element elementor-element-8502302 e-con-full e-flex e-con e-child\" data-id=\"8502302\" data-element_type=\"container\">\n\t\t\t\t<div class=\"elementor-element elementor-element-9cdc525 elementor-widget elementor-widget-text-editor\" data-id=\"9cdc525\" data-element_type=\"widget\" data-widget_type=\"text-editor.default\">\n\t\t\t\t<div class=\"elementor-widget-container\">\n\t\t\t\t\t\t\t\t\t<p>Christa Ratzenb\u00f6ck wurde in Ober\u00f6sterreich geboren, studierte am Salzburger Mozarteum bei Ingrid Mayr und Hartmut H\u00f6ll und belegte Meisterkurse bei Marjana Lipov\u0161ek , Margarita Lilowa und Inge Borkh.<br \/>Sie war in 1996 Preistr\u00e4gerin des Gesangswettbewerbs \u201eGradus ad Parnassum\u201c und in 1999 des Internationalen Mozartwettbewerbs in Salzburg.<\/p><p>Nach dem Studium war sie zun\u00e4chst Mitglied des Opernstudios in Z\u00fcrich, deb\u00fctierte 1995 im Rahmen der Salzburger Festspiele, sang an der Wiener Kammeroper im Jahre 2000 ihre erste Dorabella in Mozarts \u201eCosi fan tutte\u201c und war von 2001 bis 2007 im Festengagement am Landestheater Linz.<br \/>In diesen Jahren konnte sie sich die gro\u00dfen Partien ihres Fachs erarbeiten, die heute zu ihren Paraderollen zu z\u00e4hlen sind: Idamante (Mozart, \u201eIdomeneo\u201c), Siebel (Gounod, \u201eFaust\u201c), Niklaus (Offenbach, \u201eHoffmann\u00b4s Erz\u00e4hlungen\u201c), H\u00e4nsel (Humperdinck, \u201eH\u00e4nsel und Gretel\u201c), Dorabella (Mozart, \u201eCosi fan tutte\u201c), Cherubino (Mozart, \u201eLe Nozze di Figaro\u201c), Kurf\u00fcrstin (Zeller, \u201eDer Vogelh\u00e4ndler\u201c) und Gr\u00e4fin Zedlau (Strau\u00df, \u201eWiener Blut\u201c). Beim Linzer Brucknerfest gastierte sie w\u00e4hrend der zyklischen Auff\u00fchrung von Wagners \u201eRing des Nibelungen\u201c als Wellgunde, Waltraute und Norne.<br \/>Auch in den Folgejahren blieb sie dem Linzer Haus verbunden und feierte als Komponist in Strauss\u2019 \u201eAriadne auf Naxos\u201c, als Frau M in Hindemiths \u201eNeues vom Tage\u201c und als Mrs. Herring in Brittens \u201eAlbert Herring\u201c gro\u00dfe Erfolge.<br \/>2011 konnte sie mit der Sopranpartie Ximene aus \u201eDer Cid\u201c von Theodor Gouvy internationale Aufmerksamkeit erregen. Eine CD Gesamtaufnahme wird bei Naxos erscheinen.<\/p><p>Gastauftritte f\u00fchren die junge Mezzosopranistin an das Teatro Arriaga in Bilbao, wo sie in der Regie von Pier Luigi Pizzi die Gr\u00e4fin Kirchstetten in Hans Werner Henzes \u201eElegie f\u00fcr junge Liebende\u201c sang, an die Neue Oper Wien mit der \u00f6sterreichischen Erstauff\u00fchrung von Elliott Carters \u201eWhat Next\u201c, zum Lehar Festival Bad Ischl als Gr\u00e4fin Zedlau aus \u201eWiener Blut\u201c und sie sang die Lisetta in Haydns \u201eIl Mondo della Luna\u201c sowohl beim Festival J:opera in Jennersdorf im Burgenland unter Julia Jones als auch beim Linzer Brucknerfest unter Martin Sieghart. Im Jahre 2008 deb\u00fctierte sie mit Jan\u00e1\u010dek \u201eTagebuch eines Verschollenen\u201c im Wiener Musikverein.<\/p><p>Christa Ratzenb\u00f6ck gastierte unter anderem an den Opernh\u00e4usern in Z\u00fcrich, Basel, Bern, D\u00fcsseldorf sowie am Salzburger Landestheater, am Theater an der Wien sowie am St\u00e4ndetheater in Prag, w\u00e4hrend sie ihre Konzertt\u00e4tigkeit u. a. in die gro\u00dfen Konzerts\u00e4le in Wien, Salzburg, Budapest, Zagreb und Berlin f\u00fchrten.<br \/>Sie arbeitete mit Dirigenten wie Franz Welser-M\u00f6st, Julia Jones, Hans Wallat, Ralf Weikert, Peter Schneider, Dennis Russell Davies, Sian Edwards, Adam Fischer, Sebastian Weigle und Bertrand de Billy zusammen.<\/p><p>In den n\u00e4chsten Jahren wird sie neben der Marcellina in \u201eHochzeit des Figaro\u201c (Stadttheater Baden), in der Oper \u201eDie Omama im Apfelbaum\u201c und \u201eDer Rosenkavalier\u201c (Landestheater Linz, Stadttheater Klagenfurt) als Gr\u00e4fin aus \u201eDer Wildsch\u00fctz\u201c (Theater Ulm) und als Mutter in \u201eH\u00e4nsel und Gretel\u201c (Jennersdorf) unter Sebastian Weigle zu h\u00f6ren sein.<br \/>Als Lieds\u00e4ngerin wird sie das Italienische Liederbuch von Hugo Wolf in Z\u00fcrich singen, weiters wird sie Gouvy\u00b4s Sopranpart aus dem Oratorium Oedipe a Colonne in Metz auff\u00fchren und eine CD wird davon bei CPO erscheinen.<\/p><p>Seit 2012 unterrichtet sie Sologesang an der Bruckner Privatuniversit\u00e4t in Linz<\/p><p>(2013)<\/p>\t\t\t\t\t\t\t\t<\/div>\n\t\t\t\t<\/div>\n\t\t\t\t<div class=\"elementor-element elementor-element-f518acf elementor-widget elementor-widget-text-editor\" data-id=\"f518acf\" data-element_type=\"widget\" data-widget_type=\"text-editor.default\">\n\t\t\t\t<div class=\"elementor-widget-container\">\n\t\t\t\t\t\t\t\t\t<p style=\"text-align: right;\">\n<a href=\"javascript:history.back();\">Zur\u00fcck<\/a>\n<\/p>\t\t\t\t\t\t\t\t<\/div>\n\t\t\t\t<\/div>\n\t\t\t\t<\/div>\n\t\t\t\t\t<\/div>\n\t\t\t\t<\/div>\n\t\t\t\t<\/div>\n\t\t","protected":false},"excerpt":{"rendered":"<p>Mezzosopran www.christa-ratzenboeck.com Auftritte im Linzer Konzertverein: 25.03.2015, Sinfoniekonzert30.11.2005, Jubil\u00e4umskonzert 160 Jahre Linzer Singakademie (Alt) Christa Ratzenb\u00f6ck wurde in Ober\u00f6sterreich geboren, studierte am Salzburger Mozarteum bei Ingrid Mayr und Hartmut H\u00f6ll und belegte Meisterkurse bei Marjana Lipov\u0161ek , Margarita Lilowa und Inge Borkh.Sie war in 1996 Preistr\u00e4gerin des Gesangswettbewerbs \u201eGradus ad Parnassum\u201c und in 1999 des &hellip; <\/p>\n<p class=\"link-more\"><a href=\"https:\/\/wppool.abenteuerbox.at\/DA_KV_Linz\/?page_id=1146\" class=\"more-link\">Read more<span class=\"screen-reader-text\"> &#8222;Christa Ratzenb\u00f6ck&#8220;<\/span><\/a><\/p>\n","protected":false},"author":1,"featured_media":0,"parent":0,"menu_order":0,"comment_status":"closed","ping_status":"closed","template":"","meta":{"inspiro_hide_title":false,"footnotes":""},"class_list":["post-1146","page","type-page","status-publish","hentry"],"_links":{"self":[{"href":"https:\/\/wppool.abenteuerbox.at\/DA_KV_Linz\/index.php?rest_route=\/wp\/v2\/pages\/1146","targetHints":{"allow":["GET"]}}],"collection":[{"href":"https:\/\/wppool.abenteuerbox.at\/DA_KV_Linz\/index.php?rest_route=\/wp\/v2\/pages"}],"about":[{"href":"https:\/\/wppool.abenteuerbox.at\/DA_KV_Linz\/index.php?rest_route=\/wp\/v2\/types\/page"}],"author":[{"embeddable":true,"href":"https:\/\/wppool.abenteuerbox.at\/DA_KV_Linz\/index.php?rest_route=\/wp\/v2\/users\/1"}],"replies":[{"embeddable":true,"href":"https:\/\/wppool.abenteuerbox.at\/DA_KV_Linz\/index.php?rest_route=%2Fwp%2Fv2%2Fcomments&post=1146"}],"version-history":[{"count":22,"href":"https:\/\/wppool.abenteuerbox.at\/DA_KV_Linz\/index.php?rest_route=\/wp\/v2\/pages\/1146\/revisions"}],"predecessor-version":[{"id":6431,"href":"https:\/\/wppool.abenteuerbox.at\/DA_KV_Linz\/index.php?rest_route=\/wp\/v2\/pages\/1146\/revisions\/6431"}],"wp:attachment":[{"href":"https:\/\/wppool.abenteuerbox.at\/DA_KV_Linz\/index.php?rest_route=%2Fwp%2Fv2%2Fmedia&parent=1146"}],"curies":[{"name":"wp","href":"https:\/\/api.w.org\/{rel}","templated":true}]}}