{"id":1193,"date":"2025-01-11T12:57:35","date_gmt":"2025-01-11T11:57:35","guid":{"rendered":"https:\/\/wppool.abenteuerbox.at\/DA_KV_Linz\/?page_id=1193"},"modified":"2025-01-24T17:07:46","modified_gmt":"2025-01-24T16:07:46","slug":"katharina-hoetzenecker","status":"publish","type":"page","link":"https:\/\/wppool.abenteuerbox.at\/DA_KV_Linz\/?page_id=1193","title":{"rendered":"Katharina H\u00f6tzenecker"},"content":{"rendered":"\t\t<div data-elementor-type=\"wp-page\" data-elementor-id=\"1193\" class=\"elementor elementor-1193\">\n\t\t\t\t<div class=\"elementor-element elementor-element-fd1f1a4 e-flex e-con-boxed e-con e-parent\" data-id=\"fd1f1a4\" data-element_type=\"container\">\n\t\t\t\t\t<div class=\"e-con-inner\">\n\t\t<div class=\"elementor-element elementor-element-b696d9d e-con-full e-flex e-con e-child\" data-id=\"b696d9d\" data-element_type=\"container\">\n\t\t\t\t<div class=\"elementor-element elementor-element-a05fd9b elementor-widget elementor-widget-heading\" data-id=\"a05fd9b\" data-element_type=\"widget\" data-widget_type=\"heading.default\">\n\t\t\t\t<div class=\"elementor-widget-container\">\n\t\t\t\t\t<h2 class=\"elementor-heading-title elementor-size-default\">Violine<\/h2>\t\t\t\t<\/div>\n\t\t\t\t<\/div>\n\t\t\t\t<div class=\"elementor-element elementor-element-c1b9a21 elementor-widget elementor-widget-text-editor\" data-id=\"c1b9a21\" data-element_type=\"widget\" data-widget_type=\"text-editor.default\">\n\t\t\t\t<div class=\"elementor-widget-container\">\n\t\t\t\t\t\t\t\t\t<p><strong>Auftritte im Linzer Konzertverein:<\/strong><\/p><p>27.11.2013, Herbstkonzert<\/p>\t\t\t\t\t\t\t\t<\/div>\n\t\t\t\t<\/div>\n\t\t\t\t<\/div>\n\t\t<div class=\"elementor-element elementor-element-8eb5518 e-con-full e-flex e-con e-child\" data-id=\"8eb5518\" data-element_type=\"container\">\n\t\t\t\t<div class=\"elementor-element elementor-element-7fd0b7f elementor-widget elementor-widget-image\" data-id=\"7fd0b7f\" data-element_type=\"widget\" data-widget_type=\"image.default\">\n\t\t\t\t<div class=\"elementor-widget-container\">\n\t\t\t\t\t\t\t\t\t\t\t\t\t\t\t<img fetchpriority=\"high\" decoding=\"async\" width=\"392\" height=\"522\" src=\"https:\/\/wppool.abenteuerbox.at\/DA_KV_Linz\/wp-content\/uploads\/2025\/01\/Hoetzenecker_Katharina.jpg\" class=\"attachment-large size-large wp-image-1195\" alt=\"\" srcset=\"https:\/\/wppool.abenteuerbox.at\/DA_KV_Linz\/wp-content\/uploads\/2025\/01\/Hoetzenecker_Katharina.jpg 392w, https:\/\/wppool.abenteuerbox.at\/DA_KV_Linz\/wp-content\/uploads\/2025\/01\/Hoetzenecker_Katharina-225x300.jpg 225w\" sizes=\"100vw\" \/>\t\t\t\t\t\t\t\t\t\t\t\t\t\t\t<\/div>\n\t\t\t\t<\/div>\n\t\t\t\t<\/div>\n\t\t<div class=\"elementor-element elementor-element-403de6f e-con-full e-flex e-con e-child\" data-id=\"403de6f\" data-element_type=\"container\">\n\t\t\t\t<div class=\"elementor-element elementor-element-0f606fa elementor-widget elementor-widget-text-editor\" data-id=\"0f606fa\" data-element_type=\"widget\" data-widget_type=\"text-editor.default\">\n\t\t\t\t<div class=\"elementor-widget-container\">\n\t\t\t\t\t\t\t\t\t<p>Katharina H\u00f6tzenecker wurde in Linz, \u00d6sterreich, geboren. Sie erhielt den ersten Geigenunterricht mit 7 Jahren, bereits 2 Jahre sp\u00e4ter wurde sie als Jungstudent am Brucknerkonservatorium Linz aufgenommen. Ab 1997 Studium an der Universit\u00e4t f\u00fcr Musik und Darstellende Kunst in Wien bei Prof. Gerhard Schulz (Alban Berg Quartett) und Prof. Christian Altenburger. 2007 Abschluss mit einstimmiger Auszeichnung und Ernennung zum Magister artium. Weiterf\u00fchrende Studien bei Prof. Evgenia Tchougaeva (Tschaikowski Konservatorium Moskau), sowie der Musikwissenschaften (Doktorat in Wien und Paris) und der Rechtwissenschaften.<\/p><p>Erste Preise im Nationalen Jugendmusikwettbewerb Prima la Musica in der Solokategorie und in der Kammermusik, 2001 Gewinn des Auswahlspiels der Musica Juventutis in Wien und eines Stipendiums der Schweizer Stiftung Dr. Robert und Lina Thyll-D\u00fcrr. Erster Preis beim Stefanie Hohl Wettbewerb 2002 in Wien. 2009 W\u00fcrdigungspreis der Universit\u00e4t f\u00fcr Musik und Darstellende Kunst Wien f\u00fcr herausragende musikalische Leistungen.<\/p><p>Konzertdeb\u00fct mit dem Wiener Kammerorchester im Alter von 14 Jahren unter Lord Yehudi Menuhin im Rahmen der Haydn Festspiele in Eisenstadt. Seither zahlreiche Auftritte im In- und Ausland, u.a. bei den Sommerfestivals in St. Gallen, Neuberg und Piran (SLO), den Young Artist\u2019s Series und B\u00f6sendorfer Concert Series in London, beim Moskovskij Forum in Moskau, den Salzburger Schlosskonzerten, im Wiener Konzerthaus im Rahmen der Musica Juventutis (u.a. 2004 Auff\u00fchrung des Brahms Doppelkonzertes mit der Wiener Kammerphilharmonie unter Claudius Traunfellner), bei den Thyll-D\u00fcrr Konzerten der Jeunesse in Wien, im Konzerthaus in Klagenfurt, bei den Ober\u00f6sterreichischen Stiftskonzerten mit dem Brucknerorchester unter Theodor Guschlbauer, und als Botschafterin \u00f6sterreichischer Musik in den Kulturforen von London, Paris, Prag und Moskau. 2011 \u00f6sterreichische Erstauff\u00fchrung von Sofia Gubaidulias 2. Violinkonzert \u201eIn tempus praesens\u201c mit dem Brucknerorchester unter Nicholas Milton.<\/p><p>Katharina H\u00f6tzenecker ist eine vielseitige Kammermusikerin. Zu ihren Kammermusikpartnern z\u00e4hlen unter anderem auch Gerhard Schulz, Walther Schulz, Christian Altenburger, Thomas Selditz, Michael Kugel, Leonid Sorokov, Attila Pasztor, Takashi Shimizu, Gernot Winischhofer, Yvonne Timoianu, Denis Evesque, Richard Harwood, Noam Greenberg, Gottlieb Wallisch, Till Alexander K\u00f6rber.<\/p><p>Von 2006-2008 war Katharina H\u00f6tzenecker Mitglied des Gustav Mahler Jugendorchesters von dessen Foundation sie mehrmals durch Stipendien unterst\u00fctzt wurde. Von 2007-2010 war sie Mitglied des italienischen Kammerorchesters Spira Mirabilis.<\/p><p>(2012)<\/p>\t\t\t\t\t\t\t\t<\/div>\n\t\t\t\t<\/div>\n\t\t\t\t<div class=\"elementor-element elementor-element-ad60da1 elementor-widget elementor-widget-text-editor\" data-id=\"ad60da1\" data-element_type=\"widget\" data-widget_type=\"text-editor.default\">\n\t\t\t\t<div class=\"elementor-widget-container\">\n\t\t\t\t\t\t\t\t\t<p style=\"text-align: right;\">\n<a href=\"javascript:history.back();\">Zur\u00fcck<\/a>\n<\/p>\t\t\t\t\t\t\t\t<\/div>\n\t\t\t\t<\/div>\n\t\t\t\t<\/div>\n\t\t\t\t\t<\/div>\n\t\t\t\t<\/div>\n\t\t\t\t<\/div>\n\t\t","protected":false},"excerpt":{"rendered":"<p>Violine Auftritte im Linzer Konzertverein: 27.11.2013, Herbstkonzert Katharina H\u00f6tzenecker wurde in Linz, \u00d6sterreich, geboren. Sie erhielt den ersten Geigenunterricht mit 7 Jahren, bereits 2 Jahre sp\u00e4ter wurde sie als Jungstudent am Brucknerkonservatorium Linz aufgenommen. Ab 1997 Studium an der Universit\u00e4t f\u00fcr Musik und Darstellende Kunst in Wien bei Prof. Gerhard Schulz (Alban Berg Quartett) und &hellip; <\/p>\n<p class=\"link-more\"><a href=\"https:\/\/wppool.abenteuerbox.at\/DA_KV_Linz\/?page_id=1193\" class=\"more-link\">Read more<span class=\"screen-reader-text\"> &#8222;Katharina H\u00f6tzenecker&#8220;<\/span><\/a><\/p>\n","protected":false},"author":1,"featured_media":0,"parent":0,"menu_order":0,"comment_status":"closed","ping_status":"closed","template":"","meta":{"inspiro_hide_title":false,"footnotes":""},"class_list":["post-1193","page","type-page","status-publish","hentry"],"_links":{"self":[{"href":"https:\/\/wppool.abenteuerbox.at\/DA_KV_Linz\/index.php?rest_route=\/wp\/v2\/pages\/1193","targetHints":{"allow":["GET"]}}],"collection":[{"href":"https:\/\/wppool.abenteuerbox.at\/DA_KV_Linz\/index.php?rest_route=\/wp\/v2\/pages"}],"about":[{"href":"https:\/\/wppool.abenteuerbox.at\/DA_KV_Linz\/index.php?rest_route=\/wp\/v2\/types\/page"}],"author":[{"embeddable":true,"href":"https:\/\/wppool.abenteuerbox.at\/DA_KV_Linz\/index.php?rest_route=\/wp\/v2\/users\/1"}],"replies":[{"embeddable":true,"href":"https:\/\/wppool.abenteuerbox.at\/DA_KV_Linz\/index.php?rest_route=%2Fwp%2Fv2%2Fcomments&post=1193"}],"version-history":[{"count":19,"href":"https:\/\/wppool.abenteuerbox.at\/DA_KV_Linz\/index.php?rest_route=\/wp\/v2\/pages\/1193\/revisions"}],"predecessor-version":[{"id":6449,"href":"https:\/\/wppool.abenteuerbox.at\/DA_KV_Linz\/index.php?rest_route=\/wp\/v2\/pages\/1193\/revisions\/6449"}],"wp:attachment":[{"href":"https:\/\/wppool.abenteuerbox.at\/DA_KV_Linz\/index.php?rest_route=%2Fwp%2Fv2%2Fmedia&parent=1193"}],"curies":[{"name":"wp","href":"https:\/\/api.w.org\/{rel}","templated":true}]}}