{"id":1214,"date":"2025-01-11T13:05:53","date_gmt":"2025-01-11T12:05:53","guid":{"rendered":"https:\/\/wppool.abenteuerbox.at\/DA_KV_Linz\/?page_id=1214"},"modified":"2025-01-24T17:09:50","modified_gmt":"2025-01-24T16:09:50","slug":"thomas-schnabel","status":"publish","type":"page","link":"https:\/\/wppool.abenteuerbox.at\/DA_KV_Linz\/?page_id=1214","title":{"rendered":"Thomas Schnabel"},"content":{"rendered":"\t\t<div data-elementor-type=\"wp-page\" data-elementor-id=\"1214\" class=\"elementor elementor-1214\">\n\t\t\t\t<div class=\"elementor-element elementor-element-d791514 e-flex e-con-boxed e-con e-parent\" data-id=\"d791514\" data-element_type=\"container\">\n\t\t\t\t\t<div class=\"e-con-inner\">\n\t\t<div class=\"elementor-element elementor-element-65ade23 e-con-full e-flex e-con e-child\" data-id=\"65ade23\" data-element_type=\"container\">\n\t\t\t\t<div class=\"elementor-element elementor-element-ab090f6 elementor-widget elementor-widget-heading\" data-id=\"ab090f6\" data-element_type=\"widget\" data-widget_type=\"heading.default\">\n\t\t\t\t<div class=\"elementor-widget-container\">\n\t\t\t\t\t<h2 class=\"elementor-heading-title elementor-size-default\">Dirigent<\/h2>\t\t\t\t<\/div>\n\t\t\t\t<\/div>\n\t\t\t\t<div class=\"elementor-element elementor-element-5b7452e elementor-widget elementor-widget-text-editor\" data-id=\"5b7452e\" data-element_type=\"widget\" data-widget_type=\"text-editor.default\">\n\t\t\t\t<div class=\"elementor-widget-container\">\n\t\t\t\t\t\t\t\t\t<p><a href=\"https:\/\/www.aso-amstetten.at\/asosite\/doku.php?id=start\">www.aso-amstetten.at<\/a><\/p><p><strong>Auftritte im Linzer Konzertverein:<\/strong><\/p><p>28.03.2012, Fr\u00fchjahrskonzert<\/p>\t\t\t\t\t\t\t\t<\/div>\n\t\t\t\t<\/div>\n\t\t\t\t<\/div>\n\t\t<div class=\"elementor-element elementor-element-2125072 e-con-full e-flex e-con e-child\" data-id=\"2125072\" data-element_type=\"container\">\n\t\t\t\t<div class=\"elementor-element elementor-element-0b3c1eb elementor-widget elementor-widget-image\" data-id=\"0b3c1eb\" data-element_type=\"widget\" data-widget_type=\"image.default\">\n\t\t\t\t<div class=\"elementor-widget-container\">\n\t\t\t\t\t\t\t\t\t\t\t\t\t\t\t<img decoding=\"async\" width=\"182\" height=\"242\" src=\"https:\/\/wppool.abenteuerbox.at\/DA_KV_Linz\/wp-content\/uploads\/2025\/01\/Schnabel_Thomas.jpg\" class=\"attachment-large size-large wp-image-1217\" alt=\"\" sizes=\"100vw\" \/>\t\t\t\t\t\t\t\t\t\t\t\t\t\t\t<\/div>\n\t\t\t\t<\/div>\n\t\t\t\t<\/div>\n\t\t<div class=\"elementor-element elementor-element-081b1e9 e-con-full e-flex e-con e-child\" data-id=\"081b1e9\" data-element_type=\"container\">\n\t\t\t\t<div class=\"elementor-element elementor-element-a9596b9 elementor-widget elementor-widget-text-editor\" data-id=\"a9596b9\" data-element_type=\"widget\" data-widget_type=\"text-editor.default\">\n\t\t\t\t<div class=\"elementor-widget-container\">\n\t\t\t\t\t\t\t\t\t<p>Neben seiner naturwissenschaftlichen Ausbildung (Biologie, Pal\u00e4ontologie) Studium der F\u00e4cher Klavier, Gesang, Fagott und Musikp\u00e4dagogik an der Musikhochschule Wien; Dirigieren und Chorleitung u. a. bei Johannes Prinz und Herwig Reiter.<\/p><p>Seit 1987 Organist in der Pfarrkirche Zell\/Ybbs, seit 1989 Leiter des dortigen Kirchenchores. Mit diesem Chor \u00fcber 650 Auff\u00fchrungen und Erarbeitung eines Repertoires von rund 325 Kirchenmusikwerken von der Gregorianik bis zur Moderne, darunter \u00fcber 50 Urauff\u00fchrungen von Werken der Waidhofener Komponisten Heimo Freunthaller und Peter Richter.<\/p><p>Seit 1993 Assistent und erster Korrepetitor beim Singverein der Gesellschaft der Musikfreunde in Wien. In dieser Funktion Zusammenarbeit mit zahlreichen namhaften Dirigenten (u. a. Riccardo Muti, Seiji Ozawa, Zubin Mehta, Pierre Boulez, Nikolaus Harnoncourt, Mariss Jansons, Sir Simon Rattle, Franz Welser-M\u00f6st, Fabio Luisi, Christian Thielemann) und f\u00fchrenden S\u00e4ngern (u. a. Thomas Quasthoff, Marjana Lipovsek, Waltraud Meier). Konzertreisen mit diesem Chor, bei dem er als Tenor in \u00fcber 200 Konzerten eine gro\u00dfe Bandbreite der Chor-\/Orchesterliteratur gesungen hat, f\u00fchrten ihn in zahlreiche L\u00e4nder Europas sowie nach Japan, verbunden mit Auftritten bei wichtigen internationalen Festivals; Mitwirkung bei zahlreichen CD-Aufnahmen mit dem Wiener Singverein.<\/p><p>Seit 1997 unterrichtet er am Bundesgymnasium Amstetten in den Fachbereichen Biologie, Astronomie und Musikerziehung.<\/p><p>Rege Konzertt\u00e4tigkeit als Dirigent, Pianist, S\u00e4nger, Fagottist und Organist. Weitere T\u00e4tigkeiten im Orchesterbereich als Leiter des Orchesters des Bundesgymnasiums Amstetten (seit 2001) &#8211; f\u00fcr das er auch zahlreiche Orchesterarrangements geschrieben und das j\u00e4hrliche Absolventenkonzert initiiert hat &#8211; sowie als Fagottist im Amstettner Symphonieorchester, mit dem er im Herbst 2003 auch als Solist das Klavierkonzert KV 467 von W. A. Mozart musizierte. Mit seiner Frau Eva und Musikerinnen aus dem Amstettner Symphonieorchester gibt er auch regelm\u00e4\u00dfig Kammermusikabende; in den letzten Jahren spielte er auch immer wieder Orgelkonzerte, bei denen er mehrere Werke des Waidhofener Komponisten Peter Richter uraufgef\u00fchrt hat. Im Fr\u00fchjahr 2009 gr\u00fcndete er das Streicherensemble \u201eSaitenstreiche\u201c, das sich aus jungen Spitzenmusikern aus der Region Amstetten zusammensetzt. Viele dieser Auff\u00fchrungen sind auf CD dokumentiert.<\/p><p>2000-2003 war er k\u00fcnstlerischer Leiter der Singgemeinschaft des MGV 1843 in Waidhofen\/Ybbs; seit Herbst 2004 ist er k\u00fcnstlerischer Leiter des Amstettner Symphonieorchesters, wo er seitdem stilistisch vielf\u00e4ltige Programme erarbeitet und das Repertoire des Orchesters stark ausgeweitet hat.<\/p><p>Als Dirigent hat er sich ein umfangreiches Repertoire vor allem der sinfonischen Orchesterliteratur, der Chor- und Chor-\/Orchesterliteratur wie auch der kammermusikalischen Literatur aller Stilepochen erarbeitet, wobei seine Aufgeschlossenheit auch der zeitgen\u00f6ssischen Musik gilt.<\/p><p>1996 wurde er f\u00fcr seine k\u00fcnstlerischen Leistungen mit einem W\u00fcrdigungspreis des Bundesministeriums f\u00fcr Wissenschaft, Verkehr und Kunst ausgezeichnet; 2010 erhielt er den Kulturpreis der Stadt Amstetten.<\/p><p>(2011)<\/p>\t\t\t\t\t\t\t\t<\/div>\n\t\t\t\t<\/div>\n\t\t\t\t<div class=\"elementor-element elementor-element-0cffea6 elementor-widget elementor-widget-text-editor\" data-id=\"0cffea6\" data-element_type=\"widget\" data-widget_type=\"text-editor.default\">\n\t\t\t\t<div class=\"elementor-widget-container\">\n\t\t\t\t\t\t\t\t\t<p style=\"text-align: right;\">\n<a href=\"javascript:history.back();\">Zur\u00fcck<\/a>\n<\/p>\t\t\t\t\t\t\t\t<\/div>\n\t\t\t\t<\/div>\n\t\t\t\t<\/div>\n\t\t\t\t\t<\/div>\n\t\t\t\t<\/div>\n\t\t\t\t<\/div>\n\t\t","protected":false},"excerpt":{"rendered":"<p>Dirigent www.aso-amstetten.at Auftritte im Linzer Konzertverein: 28.03.2012, Fr\u00fchjahrskonzert Neben seiner naturwissenschaftlichen Ausbildung (Biologie, Pal\u00e4ontologie) Studium der F\u00e4cher Klavier, Gesang, Fagott und Musikp\u00e4dagogik an der Musikhochschule Wien; Dirigieren und Chorleitung u. a. bei Johannes Prinz und Herwig Reiter. Seit 1987 Organist in der Pfarrkirche Zell\/Ybbs, seit 1989 Leiter des dortigen Kirchenchores. Mit diesem Chor \u00fcber 650 &hellip; <\/p>\n<p class=\"link-more\"><a href=\"https:\/\/wppool.abenteuerbox.at\/DA_KV_Linz\/?page_id=1214\" class=\"more-link\">Read more<span class=\"screen-reader-text\"> &#8222;Thomas Schnabel&#8220;<\/span><\/a><\/p>\n","protected":false},"author":1,"featured_media":0,"parent":0,"menu_order":0,"comment_status":"closed","ping_status":"closed","template":"","meta":{"inspiro_hide_title":false,"footnotes":""},"class_list":["post-1214","page","type-page","status-publish","hentry"],"_links":{"self":[{"href":"https:\/\/wppool.abenteuerbox.at\/DA_KV_Linz\/index.php?rest_route=\/wp\/v2\/pages\/1214","targetHints":{"allow":["GET"]}}],"collection":[{"href":"https:\/\/wppool.abenteuerbox.at\/DA_KV_Linz\/index.php?rest_route=\/wp\/v2\/pages"}],"about":[{"href":"https:\/\/wppool.abenteuerbox.at\/DA_KV_Linz\/index.php?rest_route=\/wp\/v2\/types\/page"}],"author":[{"embeddable":true,"href":"https:\/\/wppool.abenteuerbox.at\/DA_KV_Linz\/index.php?rest_route=\/wp\/v2\/users\/1"}],"replies":[{"embeddable":true,"href":"https:\/\/wppool.abenteuerbox.at\/DA_KV_Linz\/index.php?rest_route=%2Fwp%2Fv2%2Fcomments&post=1214"}],"version-history":[{"count":13,"href":"https:\/\/wppool.abenteuerbox.at\/DA_KV_Linz\/index.php?rest_route=\/wp\/v2\/pages\/1214\/revisions"}],"predecessor-version":[{"id":6461,"href":"https:\/\/wppool.abenteuerbox.at\/DA_KV_Linz\/index.php?rest_route=\/wp\/v2\/pages\/1214\/revisions\/6461"}],"wp:attachment":[{"href":"https:\/\/wppool.abenteuerbox.at\/DA_KV_Linz\/index.php?rest_route=%2Fwp%2Fv2%2Fmedia&parent=1214"}],"curies":[{"name":"wp","href":"https:\/\/api.w.org\/{rel}","templated":true}]}}