{"id":1276,"date":"2025-01-11T13:33:36","date_gmt":"2025-01-11T12:33:36","guid":{"rendered":"https:\/\/wppool.abenteuerbox.at\/DA_KV_Linz\/?page_id=1276"},"modified":"2025-01-24T17:14:16","modified_gmt":"2025-01-24T16:14:16","slug":"gerhard-lessky","status":"publish","type":"page","link":"https:\/\/wppool.abenteuerbox.at\/DA_KV_Linz\/?page_id=1276","title":{"rendered":"Gerhard Lessky"},"content":{"rendered":"\t\t<div data-elementor-type=\"wp-page\" data-elementor-id=\"1276\" class=\"elementor elementor-1276\">\n\t\t\t\t<div class=\"elementor-element elementor-element-383e23d e-flex e-con-boxed e-con e-parent\" data-id=\"383e23d\" data-element_type=\"container\">\n\t\t\t\t\t<div class=\"e-con-inner\">\n\t\t<div class=\"elementor-element elementor-element-083a181 e-con-full e-flex e-con e-child\" data-id=\"083a181\" data-element_type=\"container\">\n\t\t\t\t<div class=\"elementor-element elementor-element-3a059ab elementor-widget elementor-widget-heading\" data-id=\"3a059ab\" data-element_type=\"widget\" data-widget_type=\"heading.default\">\n\t\t\t\t<div class=\"elementor-widget-container\">\n\t\t\t\t\t<h2 class=\"elementor-heading-title elementor-size-default\">Dirigent<\/h2>\t\t\t\t<\/div>\n\t\t\t\t<\/div>\n\t\t\t\t<div class=\"elementor-element elementor-element-58a3f3d elementor-widget elementor-widget-text-editor\" data-id=\"58a3f3d\" data-element_type=\"widget\" data-widget_type=\"text-editor.default\">\n\t\t\t\t<div class=\"elementor-widget-container\">\n\t\t\t\t\t\t\t\t\t<p><a href=\"https:\/\/www.gerhardlessky.com\/\">www.gerhardlessky.com<\/a><\/p><p><strong>Auftritte im Linzer Konzertverein:<\/strong><\/p><p>17.03.2010, Fr\u00fchjahrskonzert<\/p>\t\t\t\t\t\t\t\t<\/div>\n\t\t\t\t<\/div>\n\t\t\t\t<\/div>\n\t\t<div class=\"elementor-element elementor-element-bbf35b1 e-con-full e-flex e-con e-child\" data-id=\"bbf35b1\" data-element_type=\"container\">\n\t\t\t\t<div class=\"elementor-element elementor-element-584dda1 elementor-widget elementor-widget-image\" data-id=\"584dda1\" data-element_type=\"widget\" data-widget_type=\"image.default\">\n\t\t\t\t<div class=\"elementor-widget-container\">\n\t\t\t\t\t\t\t\t\t\t\t\t\t\t\t<img decoding=\"async\" width=\"127\" height=\"200\" src=\"https:\/\/wppool.abenteuerbox.at\/DA_KV_Linz\/wp-content\/uploads\/2025\/01\/Lessk__Gerhard.jpg\" class=\"attachment-large size-large wp-image-1279\" alt=\"\" sizes=\"100vw\" \/>\t\t\t\t\t\t\t\t\t\t\t\t\t\t\t<\/div>\n\t\t\t\t<\/div>\n\t\t\t\t<\/div>\n\t\t<div class=\"elementor-element elementor-element-0fb61b7 e-con-full e-flex e-con e-child\" data-id=\"0fb61b7\" data-element_type=\"container\">\n\t\t\t\t<div class=\"elementor-element elementor-element-932078c elementor-widget elementor-widget-text-editor\" data-id=\"932078c\" data-element_type=\"widget\" data-widget_type=\"text-editor.default\">\n\t\t\t\t<div class=\"elementor-widget-container\">\n\t\t\t\t\t\t\t\t\t<p>Der junge \u00f6sterreichische Dirigent absolvierte seine musikalischen Studien bei dem Komponisten Balduin Sulzer sowie an der Anton Bruckner Universit\u00e4t Linz in den F\u00e4chern Violine, Klavier und Dirigieren. Diplom mit \u201eAuszeichnung\u201c.<br \/>Preistr\u00e4ger der Helmut Schiff-Schenkung.<br \/>Internationale Meisterkurse bei Peter G\u00fclke, Manfred Mayerhofer, Richard Schumacher und anderen Dirigenten vervollst\u00e4ndigen seine Ausbildung. Teilnahme an Interpretationsseminaren mit Nikolaus Harnoncourt.<\/p><p>Die internationale Zusammenarbeit mit verschiedenen Orchestern \u2013Brucknerorchester Linz, Sinfonietta Baden, Philharmonisches Orchester Bad Reichenhall, S\u00fcdb\u00f6hmische Kammerphilharmonie Budweis, Cheongju Philharmonic-Orchestra, Bucheon Symphony Orchestra,\u2026- f\u00fchrte Lessky neben Konzerten in \u00d6sterreich auch nach Asien, Schweden, Deutschland und Tschechien.<br \/>Seit 1994 ist Gerhard Lessky k\u00fcnstlerischer Leiter der Jungen Oper Ober\u00f6sterreich und des Festivals \u201eSommeroper Sch\u00e4rding\u201c.<\/p><p>Von 1998-2000 Assistent des k\u00fcnstlerischen Leiters der Wiener Hofmusikkapelle.<br \/>Von 2000 bis 2003 k\u00fcnstlerischer Leiter und Chefdirigent der Symphonieorchester am College of Music an der Mokwon-Universit\u00e4t Daejeon (S\u00fcdkorea).<\/p><p>Konzerte im Rahmen des Europ\u00e4ischen Konzertsommers Aspach, den Herbsttagen Blindenmarkt, der Europ\u00e4ischen Wochen Passau, am Stadttheater Steyr u. a.<br \/>Opernproduktion im Rahmen der ober\u00f6sterreichisch-bayerischen Landesausstellung.<\/p><p>Zusammenarbeit mit internationalen Solisten wie Marco Cappelli, Otto Sauter, N.Kryzhanowsy, Sung- Won Yang, u.a.<br \/>CD, TV und Rundfunkproduktionen.<\/p><p>(2009)<\/p>\t\t\t\t\t\t\t\t<\/div>\n\t\t\t\t<\/div>\n\t\t\t\t<div class=\"elementor-element elementor-element-351e77f elementor-widget elementor-widget-text-editor\" data-id=\"351e77f\" data-element_type=\"widget\" data-widget_type=\"text-editor.default\">\n\t\t\t\t<div class=\"elementor-widget-container\">\n\t\t\t\t\t\t\t\t\t<p style=\"text-align: right;\">\n<a href=\"javascript:history.back();\">Zur\u00fcck<\/a>\n<\/p>\t\t\t\t\t\t\t\t<\/div>\n\t\t\t\t<\/div>\n\t\t\t\t<\/div>\n\t\t\t\t\t<\/div>\n\t\t\t\t<\/div>\n\t\t\t\t<\/div>\n\t\t","protected":false},"excerpt":{"rendered":"<p>Dirigent www.gerhardlessky.com Auftritte im Linzer Konzertverein: 17.03.2010, Fr\u00fchjahrskonzert Der junge \u00f6sterreichische Dirigent absolvierte seine musikalischen Studien bei dem Komponisten Balduin Sulzer sowie an der Anton Bruckner Universit\u00e4t Linz in den F\u00e4chern Violine, Klavier und Dirigieren. Diplom mit \u201eAuszeichnung\u201c.Preistr\u00e4ger der Helmut Schiff-Schenkung.Internationale Meisterkurse bei Peter G\u00fclke, Manfred Mayerhofer, Richard Schumacher und anderen Dirigenten vervollst\u00e4ndigen seine Ausbildung. &hellip; <\/p>\n<p class=\"link-more\"><a href=\"https:\/\/wppool.abenteuerbox.at\/DA_KV_Linz\/?page_id=1276\" class=\"more-link\">Read more<span class=\"screen-reader-text\"> &#8222;Gerhard Lessky&#8220;<\/span><\/a><\/p>\n","protected":false},"author":1,"featured_media":0,"parent":0,"menu_order":0,"comment_status":"closed","ping_status":"closed","template":"","meta":{"inspiro_hide_title":false,"footnotes":""},"class_list":["post-1276","page","type-page","status-publish","hentry"],"_links":{"self":[{"href":"https:\/\/wppool.abenteuerbox.at\/DA_KV_Linz\/index.php?rest_route=\/wp\/v2\/pages\/1276","targetHints":{"allow":["GET"]}}],"collection":[{"href":"https:\/\/wppool.abenteuerbox.at\/DA_KV_Linz\/index.php?rest_route=\/wp\/v2\/pages"}],"about":[{"href":"https:\/\/wppool.abenteuerbox.at\/DA_KV_Linz\/index.php?rest_route=\/wp\/v2\/types\/page"}],"author":[{"embeddable":true,"href":"https:\/\/wppool.abenteuerbox.at\/DA_KV_Linz\/index.php?rest_route=\/wp\/v2\/users\/1"}],"replies":[{"embeddable":true,"href":"https:\/\/wppool.abenteuerbox.at\/DA_KV_Linz\/index.php?rest_route=%2Fwp%2Fv2%2Fcomments&post=1276"}],"version-history":[{"count":13,"href":"https:\/\/wppool.abenteuerbox.at\/DA_KV_Linz\/index.php?rest_route=\/wp\/v2\/pages\/1276\/revisions"}],"predecessor-version":[{"id":6482,"href":"https:\/\/wppool.abenteuerbox.at\/DA_KV_Linz\/index.php?rest_route=\/wp\/v2\/pages\/1276\/revisions\/6482"}],"wp:attachment":[{"href":"https:\/\/wppool.abenteuerbox.at\/DA_KV_Linz\/index.php?rest_route=%2Fwp%2Fv2%2Fmedia&parent=1276"}],"curies":[{"name":"wp","href":"https:\/\/api.w.org\/{rel}","templated":true}]}}