{"id":1365,"date":"2025-01-11T14:25:12","date_gmt":"2025-01-11T13:25:12","guid":{"rendered":"https:\/\/wppool.abenteuerbox.at\/DA_KV_Linz\/?page_id=1365"},"modified":"2025-01-24T20:21:19","modified_gmt":"2025-01-24T19:21:19","slug":"gotho-griesmeier","status":"publish","type":"page","link":"https:\/\/wppool.abenteuerbox.at\/DA_KV_Linz\/?page_id=1365","title":{"rendered":"Gotho Griesmeier"},"content":{"rendered":"\t\t<div data-elementor-type=\"wp-page\" data-elementor-id=\"1365\" class=\"elementor elementor-1365\">\n\t\t\t\t<div class=\"elementor-element elementor-element-0fa445b e-flex e-con-boxed e-con e-parent\" data-id=\"0fa445b\" data-element_type=\"container\">\n\t\t\t\t\t<div class=\"e-con-inner\">\n\t\t<div class=\"elementor-element elementor-element-2b1f62d e-con-full e-flex e-con e-child\" data-id=\"2b1f62d\" data-element_type=\"container\">\n\t\t\t\t<div class=\"elementor-element elementor-element-4bc39df elementor-widget elementor-widget-heading\" data-id=\"4bc39df\" data-element_type=\"widget\" data-widget_type=\"heading.default\">\n\t\t\t\t<div class=\"elementor-widget-container\">\n\t\t\t\t\t<h2 class=\"elementor-heading-title elementor-size-default\">Sopran<\/h2>\t\t\t\t<\/div>\n\t\t\t\t<\/div>\n\t\t\t\t<div class=\"elementor-element elementor-element-aceef87 elementor-widget elementor-widget-text-editor\" data-id=\"aceef87\" data-element_type=\"widget\" data-widget_type=\"text-editor.default\">\n\t\t\t\t<div class=\"elementor-widget-container\">\n\t\t\t\t\t\t\t\t\t<p><a href=\"https:\/\/gothogriesmeier.com\/\">gothogriesmeier.com<\/a><\/p><p><strong>Auftritte im Linzer Konzertverein:<\/strong><\/p><p>28.11.2018, Herbstkonzert<br \/>30.11.2005, Jubil\u00e4umskonzert 160 Jahre Linzer Singakademie<\/p>\t\t\t\t\t\t\t\t<\/div>\n\t\t\t\t<\/div>\n\t\t\t\t<\/div>\n\t\t<div class=\"elementor-element elementor-element-c489a7c e-con-full e-flex e-con e-child\" data-id=\"c489a7c\" data-element_type=\"container\">\n\t\t\t\t<div class=\"elementor-element elementor-element-f5ed705 elementor-widget elementor-widget-image\" data-id=\"f5ed705\" data-element_type=\"widget\" data-widget_type=\"image.default\">\n\t\t\t\t<div class=\"elementor-widget-container\">\n\t\t\t\t\t\t\t\t\t\t\t\t\t\t\t<img fetchpriority=\"high\" decoding=\"async\" width=\"448\" height=\"590\" src=\"https:\/\/wppool.abenteuerbox.at\/DA_KV_Linz\/wp-content\/uploads\/2025\/01\/Griesmeier_Gotho-1.jpg\" class=\"attachment-large size-large wp-image-6155\" alt=\"\" srcset=\"https:\/\/wppool.abenteuerbox.at\/DA_KV_Linz\/wp-content\/uploads\/2025\/01\/Griesmeier_Gotho-1.jpg 448w, https:\/\/wppool.abenteuerbox.at\/DA_KV_Linz\/wp-content\/uploads\/2025\/01\/Griesmeier_Gotho-1-228x300.jpg 228w\" sizes=\"100vw\" \/>\t\t\t\t\t\t\t\t\t\t\t\t\t\t\t<\/div>\n\t\t\t\t<\/div>\n\t\t\t\t<\/div>\n\t\t<div class=\"elementor-element elementor-element-5105757 e-con-full e-flex e-con e-child\" data-id=\"5105757\" data-element_type=\"container\">\n\t\t\t\t<div class=\"elementor-element elementor-element-cbc8a2f elementor-widget elementor-widget-text-editor\" data-id=\"cbc8a2f\" data-element_type=\"widget\" data-widget_type=\"text-editor.default\">\n\t\t\t\t<div class=\"elementor-widget-container\">\n\t\t\t\t\t\t\t\t\t<p>Gotho Griesmeier, geboren in Linz, Matura am Musikgymnasium Linz.<\/p><p>Sie studierte Konzertfach Sologesang, Oper, Lied und Oratorium an der Anton Bruckner Privatuniversit\u00e4t in Linz bei Prof. Andreas Lebeda und Prof. Thomas Kerbl. Meisterkurse bei KS Gundula Janowitz, Barbara Bonney und Prof. Kurt Widmer erg\u00e4nzten die Ausbildung, die sie mit Auszeichnung abschloss. Zur Zeit setzt sie ihre Studien bei Irina Gavrilovici in Wien fort.<\/p><p>Das erste Engagement erfolgte am Linzer Landestheater als Konstanze in Mozarts \u201eEntf\u00fchrung aus dem Serail\u201c. Seither ist sie festes Ensemblemitglied des Linzer Landestheaters. Ihr Repertoire erstreckt sich vom Barock bis zu zeitgen\u00f6ssischer Musik. So ist sie in Rollen wie Galathea in H\u00e4ndels Acis und Galathea ebenso zu erleben, wie in Phillip Glass\u2018 Orphee als Princess. Sie ist sowohl im deutschen, italienischen, als auch im franz\u00f6sischen Fach zu Hause und hat gro\u00dfe ernste Frauenrollen von Mozart ( Konstanze, Gr\u00e4fin, Donna Anna&#8230;) ebenso verk\u00f6rpert wie Massenets Manon, Offenbachs Antonia, Verdis Gilda oder Delibes Lakme.<\/p><p>Ihr Spieltalent stellt sie immer wieder auch in kom\u00f6diantischen Opern wie Donizettis Don Pasquale (Norina), Janaceks Schlaues F\u00fcchslein (F\u00fcchslein) Rossinis Cenerentola (Clorinda) oder Humperdincks H\u00e4nsel und Gretel (Gretel) unter Beweis.<\/p><p>Ein gro\u00dfer Schwerpunkt ihrer T\u00e4tigkeit liegt auch im Erarbeiten zeitgen\u00f6ssischer Musik. So wirkte sie bei Urauff\u00fchrungen von Ph. Glass Opern ebenso mit, wie bei Opern von E.L. Leitner, H. Schmidinger, K. Lang und B. Sulzer. In der Spielzeit 2014\/15 wird sie in der Rolle der Governess von B. Brittens Turn oft the Screw ebenso zu sehen sein, wie auch als Clemence in der Oper L\u2018amour de loin der finnischen Komponistin Kaija Saariaho.<\/p><p>Schon in der Studienzeit widmete sich die S\u00e4ngerin gerne dem Lied und gab mit gro\u00dfem Erfolg zahlreiche Liederabende, wobei sie gerne Programme mit selten geh\u00f6rten Liedern der Romantik und Moderne zur Auff\u00fchrung bringt.<\/p><p>Aber auch Messen und Oratorien z\u00e4hlen zu ihren gro\u00dfen Leidenschaften; so konnte man sie neben vielen kleineren und gr\u00f6\u00dferen Messen in H\u00e4ndels \u201eMessias\u201c und \u201eJoshua\u201c, Bachs \u201eWeihnachtsoratorium\u201c, Haydns \u201eDie Sch\u00f6pfung\u201c und \u201eDie sieben letzten Worte Christi am Kreuz\u201c, sowie Schmidts \u201eBuch mit sieben Siegeln\u201c uvm. h\u00f6ren.<\/p><p>Gotho Griesmeier ist im In- und Ausland t\u00e4tig und gab Gastspiele u.a. in Modena und Ferrara, war Solistin beim \u201eBrahms! &#8211; Festival\u201c in M\u00fcrzzuschlag und beim \u201efestival international de musica\u201c in Sanlucar de Barrameda\/Spanien, bei der internationalen Bienale M\u00fcnchen und bei den O\u00d6 Stiftskonzerten.<\/p><p>2018 erhielt sie die Richard Tauber Medaille der Freunde des Linzer Musiktheaters und wurde damit zum \u201ePublikumsliebling\u201c der Saison 2017\/18 erkoren.<\/p><p>(2018)<\/p>\t\t\t\t\t\t\t\t<\/div>\n\t\t\t\t<\/div>\n\t\t\t\t<div class=\"elementor-element elementor-element-74baf39 elementor-widget elementor-widget-text-editor\" data-id=\"74baf39\" data-element_type=\"widget\" data-widget_type=\"text-editor.default\">\n\t\t\t\t<div class=\"elementor-widget-container\">\n\t\t\t\t\t\t\t\t\t<p style=\"text-align: right;\">\n<a href=\"javascript:history.back();\">Zur\u00fcck<\/a>\n<\/p>\t\t\t\t\t\t\t\t<\/div>\n\t\t\t\t<\/div>\n\t\t\t\t<\/div>\n\t\t\t\t\t<\/div>\n\t\t\t\t<\/div>\n\t\t<div class=\"elementor-element elementor-element-28768a5 e-flex e-con-boxed e-con e-parent\" data-id=\"28768a5\" data-element_type=\"container\">\n\t\t\t\t\t<div class=\"e-con-inner\">\n\t\t\t\t\t<\/div>\n\t\t\t\t<\/div>\n\t\t\t\t<\/div>\n\t\t","protected":false},"excerpt":{"rendered":"<p>Sopran gothogriesmeier.com Auftritte im Linzer Konzertverein: 28.11.2018, Herbstkonzert30.11.2005, Jubil\u00e4umskonzert 160 Jahre Linzer Singakademie Gotho Griesmeier, geboren in Linz, Matura am Musikgymnasium Linz. Sie studierte Konzertfach Sologesang, Oper, Lied und Oratorium an der Anton Bruckner Privatuniversit\u00e4t in Linz bei Prof. Andreas Lebeda und Prof. Thomas Kerbl. Meisterkurse bei KS Gundula Janowitz, Barbara Bonney und Prof. Kurt &hellip; <\/p>\n<p class=\"link-more\"><a href=\"https:\/\/wppool.abenteuerbox.at\/DA_KV_Linz\/?page_id=1365\" class=\"more-link\">Read more<span class=\"screen-reader-text\"> &#8222;Gotho Griesmeier&#8220;<\/span><\/a><\/p>\n","protected":false},"author":1,"featured_media":0,"parent":0,"menu_order":0,"comment_status":"closed","ping_status":"closed","template":"","meta":{"inspiro_hide_title":false,"footnotes":""},"class_list":["post-1365","page","type-page","status-publish","hentry"],"_links":{"self":[{"href":"https:\/\/wppool.abenteuerbox.at\/DA_KV_Linz\/index.php?rest_route=\/wp\/v2\/pages\/1365","targetHints":{"allow":["GET"]}}],"collection":[{"href":"https:\/\/wppool.abenteuerbox.at\/DA_KV_Linz\/index.php?rest_route=\/wp\/v2\/pages"}],"about":[{"href":"https:\/\/wppool.abenteuerbox.at\/DA_KV_Linz\/index.php?rest_route=\/wp\/v2\/types\/page"}],"author":[{"embeddable":true,"href":"https:\/\/wppool.abenteuerbox.at\/DA_KV_Linz\/index.php?rest_route=\/wp\/v2\/users\/1"}],"replies":[{"embeddable":true,"href":"https:\/\/wppool.abenteuerbox.at\/DA_KV_Linz\/index.php?rest_route=%2Fwp%2Fv2%2Fcomments&post=1365"}],"version-history":[{"count":16,"href":"https:\/\/wppool.abenteuerbox.at\/DA_KV_Linz\/index.php?rest_route=\/wp\/v2\/pages\/1365\/revisions"}],"predecessor-version":[{"id":7288,"href":"https:\/\/wppool.abenteuerbox.at\/DA_KV_Linz\/index.php?rest_route=\/wp\/v2\/pages\/1365\/revisions\/7288"}],"wp:attachment":[{"href":"https:\/\/wppool.abenteuerbox.at\/DA_KV_Linz\/index.php?rest_route=%2Fwp%2Fv2%2Fmedia&parent=1365"}],"curies":[{"name":"wp","href":"https:\/\/api.w.org\/{rel}","templated":true}]}}