{"id":1515,"date":"2025-01-13T12:57:25","date_gmt":"2025-01-13T11:57:25","guid":{"rendered":"https:\/\/wppool.abenteuerbox.at\/DA_KV_Linz\/?page_id=1515"},"modified":"2025-01-24T20:29:33","modified_gmt":"2025-01-24T19:29:33","slug":"maria-ehmer","status":"publish","type":"page","link":"https:\/\/wppool.abenteuerbox.at\/DA_KV_Linz\/?page_id=1515","title":{"rendered":"Maria Ehmer"},"content":{"rendered":"\t\t<div data-elementor-type=\"wp-page\" data-elementor-id=\"1515\" class=\"elementor elementor-1515\">\n\t\t\t\t<div class=\"elementor-element elementor-element-320acfd e-flex e-con-boxed e-con e-parent\" data-id=\"320acfd\" data-element_type=\"container\">\n\t\t\t\t\t<div class=\"e-con-inner\">\n\t\t<div class=\"elementor-element elementor-element-0d46b9f e-con-full e-flex e-con e-child\" data-id=\"0d46b9f\" data-element_type=\"container\">\n\t\t\t\t<div class=\"elementor-element elementor-element-c7c1cba elementor-widget elementor-widget-heading\" data-id=\"c7c1cba\" data-element_type=\"widget\" data-widget_type=\"heading.default\">\n\t\t\t\t<div class=\"elementor-widget-container\">\n\t\t\t\t\t<h2 class=\"elementor-heading-title elementor-size-default\">Violine<\/h2>\t\t\t\t<\/div>\n\t\t\t\t<\/div>\n\t\t\t\t<div class=\"elementor-element elementor-element-745ae59 elementor-widget elementor-widget-text-editor\" data-id=\"745ae59\" data-element_type=\"widget\" data-widget_type=\"text-editor.default\">\n\t\t\t\t<div class=\"elementor-widget-container\">\n\t\t\t\t\t\t\t\t\t<p><strong>Auftritte im Linzer Konzertverein:<\/strong><\/p><p>04.12.2002, Sinfoniekonzert<\/p>\t\t\t\t\t\t\t\t<\/div>\n\t\t\t\t<\/div>\n\t\t\t\t<\/div>\n\t\t<div class=\"elementor-element elementor-element-390b880 e-con-full e-flex e-con e-child\" data-id=\"390b880\" data-element_type=\"container\">\n\t\t\t\t<div class=\"elementor-element elementor-element-ff2b321 elementor-widget elementor-widget-image\" data-id=\"ff2b321\" data-element_type=\"widget\" data-widget_type=\"image.default\">\n\t\t\t\t<div class=\"elementor-widget-container\">\n\t\t\t\t\t\t\t\t\t\t\t\t\t\t\t<img decoding=\"async\" width=\"155\" height=\"200\" src=\"https:\/\/wppool.abenteuerbox.at\/DA_KV_Linz\/wp-content\/uploads\/2025\/01\/Ehmer_Maria.jpg\" class=\"attachment-large size-large wp-image-1517\" alt=\"\" sizes=\"100vw\" \/>\t\t\t\t\t\t\t\t\t\t\t\t\t\t\t<\/div>\n\t\t\t\t<\/div>\n\t\t\t\t<\/div>\n\t\t<div class=\"elementor-element elementor-element-8290c96 e-con-full e-flex e-con e-child\" data-id=\"8290c96\" data-element_type=\"container\">\n\t\t\t\t<div class=\"elementor-element elementor-element-458062f elementor-widget elementor-widget-text-editor\" data-id=\"458062f\" data-element_type=\"widget\" data-widget_type=\"text-editor.default\">\n\t\t\t\t<div class=\"elementor-widget-container\">\n\t\t\t\t\t\t\t\t\t<p>Geb. 1982, wohnhaft in Ohlsdorf, O\u00d6. Mit 5 Jahren erster Violinunterricht an der Landesmusikschule Ohlsdorf bei Reinhilde H\u00f6ller.<br \/>1996-2000 Violinausbildung bei Prof. Wolfram Wincor am Linzer Bruckner-Konservatorium.<br \/>Seit Herbst 2000 Studium an der Universit\u00e4t f\u00fcr Musik und darstellende Kunst in Wien bei Prof. Ernst Kovacic. Viermalige Gewinnerin des Bundeswettbewerbes \u201ePrima la Musica&#8220;.<br \/>1999 Gastspiel mit dem Kammerensemble des Linzer Brucknerorchesters.<br \/>Im Jahre 2000 Solistin im Wiener Konzerthaus mit dem Michael Haydn Kammerorchester Oradea.<br \/>Finalistin beim internationalen Johannes Brahms Kammermusikwettbewerb 2000 in P\u00f6rtschach und Sonderpreistr\u00e4gerin f\u00fcr die mutigste Interpretation eines Werkes von Brahms.<br \/>2001 Gastspiel mit der Kammerphilharmonie Warschau in Polen. Teilnahme an Produktionen des Wiener Kammerorchesters, u.a. in Moskau.<br \/>Mehrere Workshops und Meisterkurse bei Jehudi Menuhin, Sandor Vegh, Lynn Blakeslee, Benjamin Schmid und Paul Gulda.<br \/>Konzerte in \u00d6sterreich, Finnland und Deutschland neben zahlreichen Soloauftritten.<\/p><p>(2002)<\/p>\t\t\t\t\t\t\t\t<\/div>\n\t\t\t\t<\/div>\n\t\t\t\t<div class=\"elementor-element elementor-element-5aad2c7 elementor-widget elementor-widget-text-editor\" data-id=\"5aad2c7\" data-element_type=\"widget\" data-widget_type=\"text-editor.default\">\n\t\t\t\t<div class=\"elementor-widget-container\">\n\t\t\t\t\t\t\t\t\t<p style=\"text-align: right;\">\n<a href=\"javascript:history.back();\">Zur\u00fcck<\/a>\n<\/p>\t\t\t\t\t\t\t\t<\/div>\n\t\t\t\t<\/div>\n\t\t\t\t<\/div>\n\t\t\t\t\t<\/div>\n\t\t\t\t<\/div>\n\t\t<div class=\"elementor-element elementor-element-61a7a1d e-flex e-con-boxed e-con e-parent\" data-id=\"61a7a1d\" data-element_type=\"container\">\n\t\t\t\t\t<div class=\"e-con-inner\">\n\t\t\t\t\t<\/div>\n\t\t\t\t<\/div>\n\t\t\t\t<\/div>\n\t\t","protected":false},"excerpt":{"rendered":"<p>Violine Auftritte im Linzer Konzertverein: 04.12.2002, Sinfoniekonzert Geb. 1982, wohnhaft in Ohlsdorf, O\u00d6. Mit 5 Jahren erster Violinunterricht an der Landesmusikschule Ohlsdorf bei Reinhilde H\u00f6ller.1996-2000 Violinausbildung bei Prof. Wolfram Wincor am Linzer Bruckner-Konservatorium.Seit Herbst 2000 Studium an der Universit\u00e4t f\u00fcr Musik und darstellende Kunst in Wien bei Prof. Ernst Kovacic. Viermalige Gewinnerin des Bundeswettbewerbes \u201ePrima &hellip; <\/p>\n<p class=\"link-more\"><a href=\"https:\/\/wppool.abenteuerbox.at\/DA_KV_Linz\/?page_id=1515\" class=\"more-link\">Read more<span class=\"screen-reader-text\"> &#8222;Maria Ehmer&#8220;<\/span><\/a><\/p>\n","protected":false},"author":1,"featured_media":0,"parent":0,"menu_order":0,"comment_status":"closed","ping_status":"closed","template":"","meta":{"inspiro_hide_title":false,"footnotes":""},"class_list":["post-1515","page","type-page","status-publish","hentry"],"_links":{"self":[{"href":"https:\/\/wppool.abenteuerbox.at\/DA_KV_Linz\/index.php?rest_route=\/wp\/v2\/pages\/1515","targetHints":{"allow":["GET"]}}],"collection":[{"href":"https:\/\/wppool.abenteuerbox.at\/DA_KV_Linz\/index.php?rest_route=\/wp\/v2\/pages"}],"about":[{"href":"https:\/\/wppool.abenteuerbox.at\/DA_KV_Linz\/index.php?rest_route=\/wp\/v2\/types\/page"}],"author":[{"embeddable":true,"href":"https:\/\/wppool.abenteuerbox.at\/DA_KV_Linz\/index.php?rest_route=\/wp\/v2\/users\/1"}],"replies":[{"embeddable":true,"href":"https:\/\/wppool.abenteuerbox.at\/DA_KV_Linz\/index.php?rest_route=%2Fwp%2Fv2%2Fcomments&post=1515"}],"version-history":[{"count":13,"href":"https:\/\/wppool.abenteuerbox.at\/DA_KV_Linz\/index.php?rest_route=\/wp\/v2\/pages\/1515\/revisions"}],"predecessor-version":[{"id":7367,"href":"https:\/\/wppool.abenteuerbox.at\/DA_KV_Linz\/index.php?rest_route=\/wp\/v2\/pages\/1515\/revisions\/7367"}],"wp:attachment":[{"href":"https:\/\/wppool.abenteuerbox.at\/DA_KV_Linz\/index.php?rest_route=%2Fwp%2Fv2%2Fmedia&parent=1515"}],"curies":[{"name":"wp","href":"https:\/\/api.w.org\/{rel}","templated":true}]}}