{"id":1641,"date":"2025-01-14T11:14:46","date_gmt":"2025-01-14T10:14:46","guid":{"rendered":"https:\/\/wppool.abenteuerbox.at\/DA_KV_Linz\/?page_id=1641"},"modified":"2025-01-24T20:35:45","modified_gmt":"2025-01-24T19:35:45","slug":"hans-guenter-mueller","status":"publish","type":"page","link":"https:\/\/wppool.abenteuerbox.at\/DA_KV_Linz\/?page_id=1641","title":{"rendered":"Hans G\u00fcnter M\u00fcller"},"content":{"rendered":"\t\t<div data-elementor-type=\"wp-page\" data-elementor-id=\"1641\" class=\"elementor elementor-1641\">\n\t\t\t\t<div class=\"elementor-element elementor-element-7a85b60 e-flex e-con-boxed e-con e-parent\" data-id=\"7a85b60\" data-element_type=\"container\">\n\t\t\t\t\t<div class=\"e-con-inner\">\n\t\t<div class=\"elementor-element elementor-element-86fb9e3 e-con-full e-flex e-con e-child\" data-id=\"86fb9e3\" data-element_type=\"container\">\n\t\t\t\t<div class=\"elementor-element elementor-element-e4566de elementor-widget elementor-widget-heading\" data-id=\"e4566de\" data-element_type=\"widget\" data-widget_type=\"heading.default\">\n\t\t\t\t<div class=\"elementor-widget-container\">\n\t\t\t\t\t<h2 class=\"elementor-heading-title elementor-size-default\">Tenor<\/h2>\t\t\t\t<\/div>\n\t\t\t\t<\/div>\n\t\t\t\t<div class=\"elementor-element elementor-element-3580c74 elementor-widget elementor-widget-text-editor\" data-id=\"3580c74\" data-element_type=\"widget\" data-widget_type=\"text-editor.default\">\n\t\t\t\t<div class=\"elementor-widget-container\">\n\t\t\t\t\t\t\t\t\t<p><strong>Auftritte im Linzer Konzertverein:<\/strong><\/p><p>10.03.2001, Fr\u00fchlingsgala<br \/>29.10.1981, Festveranstaltung der Gewerkschaft der Privatangestellten<\/p>\t\t\t\t\t\t\t\t<\/div>\n\t\t\t\t<\/div>\n\t\t\t\t<\/div>\n\t\t<div class=\"elementor-element elementor-element-ba2b448 e-con-full e-flex e-con e-child\" data-id=\"ba2b448\" data-element_type=\"container\">\n\t\t\t\t<\/div>\n\t\t<div class=\"elementor-element elementor-element-4c318ae e-con-full e-flex e-con e-child\" data-id=\"4c318ae\" data-element_type=\"container\">\n\t\t\t\t<div class=\"elementor-element elementor-element-1e818be elementor-widget elementor-widget-text-editor\" data-id=\"1e818be\" data-element_type=\"widget\" data-widget_type=\"text-editor.default\">\n\t\t\t\t<div class=\"elementor-widget-container\">\n\t\t\t\t\t\t\t\t\t<p>Othmar M\u00fcller wurde 1963 in Wien geboren und begann im Alter von f\u00fcnf Jahren Cello zu lernen, zuerst am Konservatorium der Stadt Wien, dann von 1977-84 bei Prof.Valentin Erben an der Wiener Musikhochschule.<br \/>Nach der Matura war er ein Jahr Mitglied im RSO Wien (damals: ORF Symphonie Orchester) und von 1982-84 Solocellist im Wiener Kammerorchester.<br \/><br \/>Noch w\u00e4hrend seiner Schulzeit gr\u00fcndete er 1980 das Artis-Quartett.<br \/><br \/>Ein gemeinsames Studienjahr (1984\/85) beim LaSalle-Quartet in Cincinnati (USA) und fr\u00fche Wettbewerbserfolge (1983 Cambridge EBU-Wettbewerb, 1984 Evian, 1985 Yellow Springs) standen am Beginn einer internationalen Karriere des Quartetts.<br \/><br \/>In Wien ist das Artis-Quartett seit 1988 mit einem eigenen Konzertzyklus im Brahmssaal des Wiener Musikvereins auf Einladung der Gesellschaft der Musikfreunde in Wien pr\u00e4sent, auf internationaler Ebene trat das Ensemble in allen wichtigen Musikzentren (Herkulessaal, M\u00fcnchen; Philharmonie, Berlin; Alte Oper Frankfurt, Wigmore Hall, London; Salle Pleyel, Paris; Carnegie Hall, New York; Teatro Colon, Buenos Aires; Academia di Santa Caecilia, Rom; Stephaniensaal, Graz etc.) und bei bedeutenden Festivals (Salzburger Festspiele, Wiener Festwochen, Dresdner Musikfestwochen, Schubertiade Feldkirch, W\u00fcrzburger Mozartfest, Brucknerfest Linz, Carinthischer Sommer, Schleswig-Holstein Festival, Hong Kong Arts-Festival, Flandern Festival etc.) auf.<br \/><br \/>Das Quartett ist mit mehr als 30 CDs, die mit zahlreichen Plattenpreisen (Grand Prix du Disque, Prix Caecilia, Diapason d&#8217;Or, Wiener Fl\u00f6tenuhr, Echo Klassik 2000) ausgezeichnet wurden, bei Firmen wie SONY Classical, ORFEO, Nimbus, Universal etc. in Erscheinung getreten.<br \/><br \/>Abseits des Quartetts gibt Othmar M\u00fcller regelm\u00e4\u00dfig Meisterkurse in den USA, Hong Kong, Italien, Frankreich, \u00d6sterreich und beim Casals-Festival Prades.<br \/>Von 1993-98 war er Gastprofessor f\u00fcr Kammermusik an der Musikhochschule Graz.<br \/>Seit 2008 leitet er eine eigene Celloklasse am Joseph-Haydn-Konservatorium in Eisenstadt.<br \/><br \/>In den letzten Jahren tritt Othmar M\u00fcller verst\u00e4rkt solistisch und im Duo in Erscheinung (u.a.posthume Urauff\u00fchrung von Gottfried von Einems \u201eMusik f\u00fcr Cello solo\u201c und Urauff\u00fchrung des Cellokonzerts von Herwig Reiter im Berliner Konzerthaus).<br \/><br \/>2006 folgten Urauff\u00fchrungen von Holmer Becker in N\u00fcrnberg und die Erstauff\u00fchrung der wiedergefundenen Cellosonate, sowie die Urauff\u00fchrung der &#8222;3 St\u00fccke f\u00fcr Cello und Klavier&#8220; von Alexander Zemlinsky im Wiener Musikverein.<br \/>Die Zemlinsky Sonate, die 3 St\u00fccke und das Klarinettentrio wurden f\u00fcr NAXOS eingespielt.<br \/><br \/>Anl\u00e4sslich des Haydn-Jahres erschien bei CAMERATA Tokyo eine Aufnahme der Haydn-Cellokonzerte, eine CD mit Cellosonaten von Webern, Weigl und Johanna M\u00fcller-Hermann wurde 2011 ver\u00f6ffentlicht.<br \/><br \/>Othmar M\u00fcller spielt ein Violoncello von Andrea Amati, Cremona 1573, eine Leihgabe der Instrumentensammlung der \u00d6sterreichischen Nationalbank.<br \/><br \/>(2014)<\/p>\t\t\t\t\t\t\t\t<\/div>\n\t\t\t\t<\/div>\n\t\t\t\t<div class=\"elementor-element elementor-element-a000379 elementor-widget elementor-widget-text-editor\" data-id=\"a000379\" data-element_type=\"widget\" data-widget_type=\"text-editor.default\">\n\t\t\t\t<div class=\"elementor-widget-container\">\n\t\t\t\t\t\t\t\t\t<p style=\"text-align: right;\">\n<a href=\"javascript:history.back();\">Zur\u00fcck<\/a>\n<\/p>\t\t\t\t\t\t\t\t<\/div>\n\t\t\t\t<\/div>\n\t\t\t\t<\/div>\n\t\t\t\t\t<\/div>\n\t\t\t\t<\/div>\n\t\t\t\t<\/div>\n\t\t","protected":false},"excerpt":{"rendered":"<p>Tenor Auftritte im Linzer Konzertverein: 10.03.2001, Fr\u00fchlingsgala29.10.1981, Festveranstaltung der Gewerkschaft der Privatangestellten Othmar M\u00fcller wurde 1963 in Wien geboren und begann im Alter von f\u00fcnf Jahren Cello zu lernen, zuerst am Konservatorium der Stadt Wien, dann von 1977-84 bei Prof.Valentin Erben an der Wiener Musikhochschule.Nach der Matura war er ein Jahr Mitglied im RSO Wien &hellip; <\/p>\n<p class=\"link-more\"><a href=\"https:\/\/wppool.abenteuerbox.at\/DA_KV_Linz\/?page_id=1641\" class=\"more-link\">Read more<span class=\"screen-reader-text\"> &#8222;Hans G\u00fcnter M\u00fcller&#8220;<\/span><\/a><\/p>\n","protected":false},"author":1,"featured_media":0,"parent":0,"menu_order":0,"comment_status":"closed","ping_status":"closed","template":"","meta":{"inspiro_hide_title":false,"footnotes":""},"class_list":["post-1641","page","type-page","status-publish","hentry"],"_links":{"self":[{"href":"https:\/\/wppool.abenteuerbox.at\/DA_KV_Linz\/index.php?rest_route=\/wp\/v2\/pages\/1641","targetHints":{"allow":["GET"]}}],"collection":[{"href":"https:\/\/wppool.abenteuerbox.at\/DA_KV_Linz\/index.php?rest_route=\/wp\/v2\/pages"}],"about":[{"href":"https:\/\/wppool.abenteuerbox.at\/DA_KV_Linz\/index.php?rest_route=\/wp\/v2\/types\/page"}],"author":[{"embeddable":true,"href":"https:\/\/wppool.abenteuerbox.at\/DA_KV_Linz\/index.php?rest_route=\/wp\/v2\/users\/1"}],"replies":[{"embeddable":true,"href":"https:\/\/wppool.abenteuerbox.at\/DA_KV_Linz\/index.php?rest_route=%2Fwp%2Fv2%2Fcomments&post=1641"}],"version-history":[{"count":13,"href":"https:\/\/wppool.abenteuerbox.at\/DA_KV_Linz\/index.php?rest_route=\/wp\/v2\/pages\/1641\/revisions"}],"predecessor-version":[{"id":7436,"href":"https:\/\/wppool.abenteuerbox.at\/DA_KV_Linz\/index.php?rest_route=\/wp\/v2\/pages\/1641\/revisions\/7436"}],"wp:attachment":[{"href":"https:\/\/wppool.abenteuerbox.at\/DA_KV_Linz\/index.php?rest_route=%2Fwp%2Fv2%2Fmedia&parent=1641"}],"curies":[{"name":"wp","href":"https:\/\/api.w.org\/{rel}","templated":true}]}}