{"id":1884,"date":"2025-01-14T15:19:53","date_gmt":"2025-01-14T14:19:53","guid":{"rendered":"https:\/\/wppool.abenteuerbox.at\/DA_KV_Linz\/?page_id=1884"},"modified":"2025-01-24T20:40:58","modified_gmt":"2025-01-24T19:40:58","slug":"paul-gulda","status":"publish","type":"page","link":"https:\/\/wppool.abenteuerbox.at\/DA_KV_Linz\/?page_id=1884","title":{"rendered":"Paul Gulda"},"content":{"rendered":"\t\t<div data-elementor-type=\"wp-page\" data-elementor-id=\"1884\" class=\"elementor elementor-1884\">\n\t\t\t\t<div class=\"elementor-element elementor-element-d48e5ee e-flex e-con-boxed e-con e-parent\" data-id=\"d48e5ee\" data-element_type=\"container\">\n\t\t\t\t\t<div class=\"e-con-inner\">\n\t\t<div class=\"elementor-element elementor-element-d2461ad e-con-full e-flex e-con e-child\" data-id=\"d2461ad\" data-element_type=\"container\">\n\t\t\t\t<div class=\"elementor-element elementor-element-a807646 elementor-widget elementor-widget-heading\" data-id=\"a807646\" data-element_type=\"widget\" data-widget_type=\"heading.default\">\n\t\t\t\t<div class=\"elementor-widget-container\">\n\t\t\t\t\t<h2 class=\"elementor-heading-title elementor-size-default\">Klavier<\/h2>\t\t\t\t<\/div>\n\t\t\t\t<\/div>\n\t\t\t\t<div class=\"elementor-element elementor-element-fedd741 elementor-widget elementor-widget-text-editor\" data-id=\"fedd741\" data-element_type=\"widget\" data-widget_type=\"text-editor.default\">\n\t\t\t\t<div class=\"elementor-widget-container\">\n\t\t\t\t\t\t\t\t\t<p><strong>Auftritte im Linzer Konzertverein:<\/strong><\/p><p>26.11.1997, Sinfoniekonzert<\/p>\t\t\t\t\t\t\t\t<\/div>\n\t\t\t\t<\/div>\n\t\t\t\t<\/div>\n\t\t<div class=\"elementor-element elementor-element-cf1b9f9 e-con-full e-flex e-con e-child\" data-id=\"cf1b9f9\" data-element_type=\"container\">\n\t\t\t\t<div class=\"elementor-element elementor-element-57c76b2 elementor-widget elementor-widget-image\" data-id=\"57c76b2\" data-element_type=\"widget\" data-widget_type=\"image.default\">\n\t\t\t\t<div class=\"elementor-widget-container\">\n\t\t\t\t\t\t\t\t\t\t\t\t\t\t\t<img decoding=\"async\" width=\"155\" height=\"200\" src=\"https:\/\/wppool.abenteuerbox.at\/DA_KV_Linz\/wp-content\/uploads\/2025\/01\/Gulda_Paul.jpg\" class=\"attachment-large size-large wp-image-1889\" alt=\"\" sizes=\"100vw\" \/>\t\t\t\t\t\t\t\t\t\t\t\t\t\t\t<\/div>\n\t\t\t\t<\/div>\n\t\t\t\t<\/div>\n\t\t<div class=\"elementor-element elementor-element-89ba772 e-con-full e-flex e-con e-child\" data-id=\"89ba772\" data-element_type=\"container\">\n\t\t\t\t<div class=\"elementor-element elementor-element-b05c8aa elementor-widget elementor-widget-text-editor\" data-id=\"b05c8aa\" data-element_type=\"widget\" data-widget_type=\"text-editor.default\">\n\t\t\t\t<div class=\"elementor-widget-container\">\n\t\t\t\t\t\t\t\t\t<p>Ersten Klavierunterricht erhielt der in Wien geborene mit neun Jahren bei Roland Batik, sp\u00e4ter bei seinem Vater Friedrich Gulda, Leonid Brumberg und zuletzt drei Jahre bei Rudolf Serkin, an dessen Marlboro Musikfestival in Vermont er mehrfach teilgenommen hat.<br \/>Am Beginn der Konzertt\u00e4tigkeit viele Auftritte im Klavierduo mit Roland Batik. Es folgten Konzerte als Solist, Kammermusiker (z. B. mit Heinrich Schiff, dem Hagen-Quartett) und mit Orchestern in vielen L\u00e4ndern Europas, in den USA, S\u00fcdamerika und Asien.<br \/>Dirigenten wie Leopold Hager, Shandor Vegh, Lovro von Matacic, Kurt Masur, Yehudi Menuhin waren seine Partner. Sein Deb\u00fct mit den Wiener Philharmonikern unter Zubin Mehta wurde im Fernsehen live \u00fcbertragen.<br \/>Seine CD-Ver\u00f6ffentlichungen umfassen Kammermusik, wie z. B. mit dem Hagen-Quartett bei der Dt. Grammophon, die Gesamtaufnahme der Beethoven-Werke f\u00fcr Cello und Klavier bei JVC sowie Solowerke von Schumann, Beethoven und Schostakowitsch. Abseits des g\u00e4ngigen Repertoires war Paul Gulda mit dem gemeinsam mit Romamusikern entwickelten Projekt &#8222;Haydn alla Zingorese&#8220; sehr erfolgreich. Der Besch\u00e4ftigung mit dem multikulturellen Erbe in \u00d6sterreichs Osten entspringt auch die bevorstehende Ver\u00f6ffentlichung mit der Kammermusik des Brahms-Intimus Joseph Joachim.<br \/><br \/>St\u00e4ndige Neugier f\u00fchrte 1995 zur Komposition von Musik zu zwei B\u00fchnenwerken; 1996 zum zun\u00e4chst unfreiwilligen Studium des Waldhorns als Mitglied der Wiener Milit\u00e4rmusik. 1997 deb\u00fctiert er in Linz mit dem Linzer Konzertverein als Dirigent.<br \/><br \/>(1997)<\/p>\t\t\t\t\t\t\t\t<\/div>\n\t\t\t\t<\/div>\n\t\t\t\t<div class=\"elementor-element elementor-element-f9f1181 elementor-widget elementor-widget-text-editor\" data-id=\"f9f1181\" data-element_type=\"widget\" data-widget_type=\"text-editor.default\">\n\t\t\t\t<div class=\"elementor-widget-container\">\n\t\t\t\t\t\t\t\t\t<p style=\"text-align: right;\">\n<a href=\"javascript:history.back();\">Zur\u00fcck<\/a>\n<\/p>\t\t\t\t\t\t\t\t<\/div>\n\t\t\t\t<\/div>\n\t\t\t\t<\/div>\n\t\t\t\t\t<\/div>\n\t\t\t\t<\/div>\n\t\t\t\t<\/div>\n\t\t","protected":false},"excerpt":{"rendered":"<p>Klavier Auftritte im Linzer Konzertverein: 26.11.1997, Sinfoniekonzert Ersten Klavierunterricht erhielt der in Wien geborene mit neun Jahren bei Roland Batik, sp\u00e4ter bei seinem Vater Friedrich Gulda, Leonid Brumberg und zuletzt drei Jahre bei Rudolf Serkin, an dessen Marlboro Musikfestival in Vermont er mehrfach teilgenommen hat.Am Beginn der Konzertt\u00e4tigkeit viele Auftritte im Klavierduo mit Roland Batik. &hellip; <\/p>\n<p class=\"link-more\"><a href=\"https:\/\/wppool.abenteuerbox.at\/DA_KV_Linz\/?page_id=1884\" class=\"more-link\">Read more<span class=\"screen-reader-text\"> &#8222;Paul Gulda&#8220;<\/span><\/a><\/p>\n","protected":false},"author":1,"featured_media":0,"parent":0,"menu_order":0,"comment_status":"closed","ping_status":"closed","template":"","meta":{"inspiro_hide_title":false,"footnotes":""},"class_list":["post-1884","page","type-page","status-publish","hentry"],"_links":{"self":[{"href":"https:\/\/wppool.abenteuerbox.at\/DA_KV_Linz\/index.php?rest_route=\/wp\/v2\/pages\/1884","targetHints":{"allow":["GET"]}}],"collection":[{"href":"https:\/\/wppool.abenteuerbox.at\/DA_KV_Linz\/index.php?rest_route=\/wp\/v2\/pages"}],"about":[{"href":"https:\/\/wppool.abenteuerbox.at\/DA_KV_Linz\/index.php?rest_route=\/wp\/v2\/types\/page"}],"author":[{"embeddable":true,"href":"https:\/\/wppool.abenteuerbox.at\/DA_KV_Linz\/index.php?rest_route=\/wp\/v2\/users\/1"}],"replies":[{"embeddable":true,"href":"https:\/\/wppool.abenteuerbox.at\/DA_KV_Linz\/index.php?rest_route=%2Fwp%2Fv2%2Fcomments&post=1884"}],"version-history":[{"count":19,"href":"https:\/\/wppool.abenteuerbox.at\/DA_KV_Linz\/index.php?rest_route=\/wp\/v2\/pages\/1884\/revisions"}],"predecessor-version":[{"id":7537,"href":"https:\/\/wppool.abenteuerbox.at\/DA_KV_Linz\/index.php?rest_route=\/wp\/v2\/pages\/1884\/revisions\/7537"}],"wp:attachment":[{"href":"https:\/\/wppool.abenteuerbox.at\/DA_KV_Linz\/index.php?rest_route=%2Fwp%2Fv2%2Fmedia&parent=1884"}],"curies":[{"name":"wp","href":"https:\/\/api.w.org\/{rel}","templated":true}]}}