{"id":2391,"date":"2025-01-15T13:16:09","date_gmt":"2025-01-15T12:16:09","guid":{"rendered":"https:\/\/wppool.abenteuerbox.at\/DA_KV_Linz\/?page_id=2391"},"modified":"2025-01-26T20:50:39","modified_gmt":"2025-01-26T19:50:39","slug":"leopold-mayer","status":"publish","type":"page","link":"https:\/\/wppool.abenteuerbox.at\/DA_KV_Linz\/?page_id=2391","title":{"rendered":"Leopold Mayer"},"content":{"rendered":"\t\t<div data-elementor-type=\"wp-page\" data-elementor-id=\"2391\" class=\"elementor elementor-2391\">\n\t\t\t\t<div class=\"elementor-element elementor-element-845c493 e-flex e-con-boxed e-con e-parent\" data-id=\"845c493\" data-element_type=\"container\">\n\t\t\t\t\t<div class=\"e-con-inner\">\n\t\t<div class=\"elementor-element elementor-element-6cd6734 e-con-full e-flex e-con e-child\" data-id=\"6cd6734\" data-element_type=\"container\">\n\t\t\t\t<div class=\"elementor-element elementor-element-4cde17b elementor-widget elementor-widget-heading\" data-id=\"4cde17b\" data-element_type=\"widget\" data-widget_type=\"heading.default\">\n\t\t\t\t<div class=\"elementor-widget-container\">\n\t\t\t\t\t<h2 class=\"elementor-heading-title elementor-size-default\">Dirigent<\/h2>\t\t\t\t<\/div>\n\t\t\t\t<\/div>\n\t\t\t\t<div class=\"elementor-element elementor-element-e9896ae elementor-widget elementor-widget-text-editor\" data-id=\"e9896ae\" data-element_type=\"widget\" data-widget_type=\"text-editor.default\">\n\t\t\t\t<div class=\"elementor-widget-container\">\n\t\t\t\t\t\t\t\t\t<p><strong>Auftritte im Linzer Konzertverein:<\/strong><\/p><p>29.11.1961 \u2013 4.4.1990<\/p>\t\t\t\t\t\t\t\t<\/div>\n\t\t\t\t<\/div>\n\t\t\t\t<\/div>\n\t\t<div class=\"elementor-element elementor-element-c625d85 e-con-full e-flex e-con e-child\" data-id=\"c625d85\" data-element_type=\"container\">\n\t\t\t\t<div class=\"elementor-element elementor-element-24acef2 elementor-widget elementor-widget-image\" data-id=\"24acef2\" data-element_type=\"widget\" data-widget_type=\"image.default\">\n\t\t\t\t<div class=\"elementor-widget-container\">\n\t\t\t\t\t\t\t\t\t\t\t\t\t\t\t<img decoding=\"async\" width=\"155\" height=\"200\" src=\"https:\/\/wppool.abenteuerbox.at\/DA_KV_Linz\/wp-content\/uploads\/2025\/01\/Mayer_Leopold.jpg\" class=\"attachment-large size-large wp-image-2394\" alt=\"\" sizes=\"100vw\" \/>\t\t\t\t\t\t\t\t\t\t\t\t\t\t\t<\/div>\n\t\t\t\t<\/div>\n\t\t\t\t<\/div>\n\t\t<div class=\"elementor-element elementor-element-5c1bcde e-con-full e-flex e-con e-child\" data-id=\"5c1bcde\" data-element_type=\"container\">\n\t\t\t\t<div class=\"elementor-element elementor-element-0415c81 elementor-widget elementor-widget-text-editor\" data-id=\"0415c81\" data-element_type=\"widget\" data-widget_type=\"text-editor.default\">\n\t\t\t\t<div class=\"elementor-widget-container\">\n\t\t\t\t\t\t\t\t\t<p>Geb. 25.10.1918 in Wien, gest. 8.1. 2003 in Linz<br \/>Leopold Mayer promovierte in Musikwissenschaft an der Universit\u00e4t Wien und absolvierte die Dirigentenklasse Swarowsky an der Wiener Musikakademie.<br \/>1947 \u2013 1949 Musikalischer Leiter am Stadttheater Steyr.<br \/>Ab 1949 in Linz in verschiedenen Positionen t\u00e4tig.<br \/>Bis 1964 Chordirektor und Dirigent von Opern und Operetten am Linzer Landestheater.<br \/>1961 \u2013 1964 Operettenchef des Landestheaters, ab 1963 beim ORF, zun\u00e4chst verantwortlich f\u00fcr die Sparte Operette.<br \/>1968 bis zur Pensionierung 1984 Leiter der Abteilung &#8222;Ernste Musik&#8220;.<br \/>Er dirigierte Sinfoniekonzerte im In- und Ausland, leitete 65 Konzerte im Linzer Brucknerhaus.<br \/>1965 \u2013 1968 Musikalischer Leiter der M\u00f6rbischer Seespiele 1965 und1967 dirigierte er Operetten in M\u00fcnchen und Berlin mit Marikka R\u00f6ck.<br \/>Operettengalakonzerte in Br\u00fcssel, im Theater an der Wien, in Salzburg und im Linzer Brucknerhaus.<br \/>Dr. Leopold Mayer gr\u00fcndete das ORF-Kammerorchester, mit dem er 125 Konzerte im In- und Ausland gab.<br \/>1955 bis 1984 Leiter der Dirigentenklasse, des Orchesters und der Opernschule am Linzer Brucknerkonservatorium.<br \/>Von 1961 bis 1990 Dirigent des LINZER KONZERTVEREINS.<br \/>1971 wurde ihm der Titel Professor verliehen.<br \/>1984 \u2013 1989 Gr\u00fcndungspr\u00e4sident des Vereines &#8222;Freunde des Linzer Musiktheaters&#8220;<\/p><p>(2007)<\/p>\t\t\t\t\t\t\t\t<\/div>\n\t\t\t\t<\/div>\n\t\t\t\t<div class=\"elementor-element elementor-element-783e6a5 elementor-widget elementor-widget-text-editor\" data-id=\"783e6a5\" data-element_type=\"widget\" data-widget_type=\"text-editor.default\">\n\t\t\t\t<div class=\"elementor-widget-container\">\n\t\t\t\t\t\t\t\t\t<p style=\"text-align: right;\">\n<a href=\"javascript:history.back();\">Zur\u00fcck<\/a>\n<\/p>\t\t\t\t\t\t\t\t<\/div>\n\t\t\t\t<\/div>\n\t\t\t\t<\/div>\n\t\t\t\t\t<\/div>\n\t\t\t\t<\/div>\n\t\t\t\t<\/div>\n\t\t","protected":false},"excerpt":{"rendered":"<p>Dirigent Auftritte im Linzer Konzertverein: 29.11.1961 \u2013 4.4.1990 Geb. 25.10.1918 in Wien, gest. 8.1. 2003 in LinzLeopold Mayer promovierte in Musikwissenschaft an der Universit\u00e4t Wien und absolvierte die Dirigentenklasse Swarowsky an der Wiener Musikakademie.1947 \u2013 1949 Musikalischer Leiter am Stadttheater Steyr.Ab 1949 in Linz in verschiedenen Positionen t\u00e4tig.Bis 1964 Chordirektor und Dirigent von Opern und &hellip; <\/p>\n<p class=\"link-more\"><a href=\"https:\/\/wppool.abenteuerbox.at\/DA_KV_Linz\/?page_id=2391\" class=\"more-link\">Read more<span class=\"screen-reader-text\"> &#8222;Leopold Mayer&#8220;<\/span><\/a><\/p>\n","protected":false},"author":1,"featured_media":0,"parent":0,"menu_order":0,"comment_status":"closed","ping_status":"closed","template":"","meta":{"inspiro_hide_title":false,"footnotes":""},"class_list":["post-2391","page","type-page","status-publish","hentry"],"_links":{"self":[{"href":"https:\/\/wppool.abenteuerbox.at\/DA_KV_Linz\/index.php?rest_route=\/wp\/v2\/pages\/2391","targetHints":{"allow":["GET"]}}],"collection":[{"href":"https:\/\/wppool.abenteuerbox.at\/DA_KV_Linz\/index.php?rest_route=\/wp\/v2\/pages"}],"about":[{"href":"https:\/\/wppool.abenteuerbox.at\/DA_KV_Linz\/index.php?rest_route=\/wp\/v2\/types\/page"}],"author":[{"embeddable":true,"href":"https:\/\/wppool.abenteuerbox.at\/DA_KV_Linz\/index.php?rest_route=\/wp\/v2\/users\/1"}],"replies":[{"embeddable":true,"href":"https:\/\/wppool.abenteuerbox.at\/DA_KV_Linz\/index.php?rest_route=%2Fwp%2Fv2%2Fcomments&post=2391"}],"version-history":[{"count":10,"href":"https:\/\/wppool.abenteuerbox.at\/DA_KV_Linz\/index.php?rest_route=\/wp\/v2\/pages\/2391\/revisions"}],"predecessor-version":[{"id":7635,"href":"https:\/\/wppool.abenteuerbox.at\/DA_KV_Linz\/index.php?rest_route=\/wp\/v2\/pages\/2391\/revisions\/7635"}],"wp:attachment":[{"href":"https:\/\/wppool.abenteuerbox.at\/DA_KV_Linz\/index.php?rest_route=%2Fwp%2Fv2%2Fmedia&parent=2391"}],"curies":[{"name":"wp","href":"https:\/\/api.w.org\/{rel}","templated":true}]}}