{"id":2424,"date":"2025-01-15T13:32:42","date_gmt":"2025-01-15T12:32:42","guid":{"rendered":"https:\/\/wppool.abenteuerbox.at\/DA_KV_Linz\/?page_id=2424"},"modified":"2025-01-26T20:53:05","modified_gmt":"2025-01-26T19:53:05","slug":"william-ingle","status":"publish","type":"page","link":"https:\/\/wppool.abenteuerbox.at\/DA_KV_Linz\/?page_id=2424","title":{"rendered":"William Ingle"},"content":{"rendered":"\t\t<div data-elementor-type=\"wp-page\" data-elementor-id=\"2424\" class=\"elementor elementor-2424\">\n\t\t\t\t<div class=\"elementor-element elementor-element-2480d36 e-flex e-con-boxed e-con e-parent\" data-id=\"2480d36\" data-element_type=\"container\">\n\t\t\t\t\t<div class=\"e-con-inner\">\n\t\t<div class=\"elementor-element elementor-element-f91f76a e-con-full e-flex e-con e-child\" data-id=\"f91f76a\" data-element_type=\"container\">\n\t\t\t\t<div class=\"elementor-element elementor-element-63e7dda elementor-widget elementor-widget-heading\" data-id=\"63e7dda\" data-element_type=\"widget\" data-widget_type=\"heading.default\">\n\t\t\t\t<div class=\"elementor-widget-container\">\n\t\t\t\t\t<h2 class=\"elementor-heading-title elementor-size-default\">Tenor<\/h2>\t\t\t\t<\/div>\n\t\t\t\t<\/div>\n\t\t\t\t<div class=\"elementor-element elementor-element-de61839 elementor-widget elementor-widget-text-editor\" data-id=\"de61839\" data-element_type=\"widget\" data-widget_type=\"text-editor.default\">\n\t\t\t\t<div class=\"elementor-widget-container\">\n\t\t\t\t\t\t\t\t\t<p><strong>Auftritte im Linzer Konzertverein:<\/strong><\/p><p>06.12.1989, Festkonzert 70 Jahre Linzer Konzertverein<br \/>10.10.1985, Benefizkonzert f\u00fcr die Freunde des Linzer Musiktheaters<br \/>28.04.1983, Richard Wagner Gedenkkonzert<br \/>29.01.1980, Sinfoniekonzert im Stadttheater Steyr<br \/>05.12.1979, Festkonzert 60 Jahre Linzer Konzertverein<\/p>\t\t\t\t\t\t\t\t<\/div>\n\t\t\t\t<\/div>\n\t\t\t\t<\/div>\n\t\t<div class=\"elementor-element elementor-element-f9e1a04 e-con-full e-flex e-con e-child\" data-id=\"f9e1a04\" data-element_type=\"container\">\n\t\t\t\t<div class=\"elementor-element elementor-element-a4a9fd2 elementor-widget elementor-widget-image\" data-id=\"a4a9fd2\" data-element_type=\"widget\" data-widget_type=\"image.default\">\n\t\t\t\t<div class=\"elementor-widget-container\">\n\t\t\t\t\t\t\t\t\t\t\t\t\t\t\t<img fetchpriority=\"high\" decoding=\"async\" width=\"262\" height=\"350\" src=\"https:\/\/wppool.abenteuerbox.at\/DA_KV_Linz\/wp-content\/uploads\/2025\/01\/Ingle_William.jpg\" class=\"attachment-large size-large wp-image-2429\" alt=\"\" srcset=\"https:\/\/wppool.abenteuerbox.at\/DA_KV_Linz\/wp-content\/uploads\/2025\/01\/Ingle_William.jpg 262w, https:\/\/wppool.abenteuerbox.at\/DA_KV_Linz\/wp-content\/uploads\/2025\/01\/Ingle_William-225x300.jpg 225w\" sizes=\"100vw\" \/>\t\t\t\t\t\t\t\t\t\t\t\t\t\t\t<\/div>\n\t\t\t\t<\/div>\n\t\t\t\t<\/div>\n\t\t<div class=\"elementor-element elementor-element-e82e3fd e-con-full e-flex e-con e-child\" data-id=\"e82e3fd\" data-element_type=\"container\">\n\t\t\t\t<div class=\"elementor-element elementor-element-d70affb elementor-widget elementor-widget-text-editor\" data-id=\"d70affb\" data-element_type=\"widget\" data-widget_type=\"text-editor.default\">\n\t\t\t\t<div class=\"elementor-widget-container\">\n\t\t\t\t\t\t\t\t\t<p>Geb\u00fcrtiger Texaner, studierte Opern und Gesang in Philadelphia und New York. Durch Fulbright-Stipendium Engagement an das Teatro dell&#8217;Opera in Rom, dann Auftritte in Bremen, Hannover, Frankfurt, D\u00fcsseldorf, Braunschweig. In \u00d6sterreich Gastspiele in Salzburg, Klagenfurt, Graz, Volksoper Wien und Theater an der Wien, Konzerte und Fernsehauftritte. Seit dem Jahre 1968 in \u00d6sterreich ans\u00e4\u00dfig, geh\u00f6rt er zu den tenoralen St\u00fctzen des Linzer Landestheaters.<br \/><br \/>(1989)<\/p>\t\t\t\t\t\t\t\t<\/div>\n\t\t\t\t<\/div>\n\t\t\t\t<div class=\"elementor-element elementor-element-7d16a94 elementor-widget elementor-widget-text-editor\" data-id=\"7d16a94\" data-element_type=\"widget\" data-widget_type=\"text-editor.default\">\n\t\t\t\t<div class=\"elementor-widget-container\">\n\t\t\t\t\t\t\t\t\t<p style=\"text-align: right;\">\n<a href=\"javascript:history.back();\">Zur\u00fcck<\/a>\n<\/p>\t\t\t\t\t\t\t\t<\/div>\n\t\t\t\t<\/div>\n\t\t\t\t<\/div>\n\t\t\t\t\t<\/div>\n\t\t\t\t<\/div>\n\t\t\t\t<\/div>\n\t\t","protected":false},"excerpt":{"rendered":"<p>Tenor Auftritte im Linzer Konzertverein: 06.12.1989, Festkonzert 70 Jahre Linzer Konzertverein10.10.1985, Benefizkonzert f\u00fcr die Freunde des Linzer Musiktheaters28.04.1983, Richard Wagner Gedenkkonzert29.01.1980, Sinfoniekonzert im Stadttheater Steyr05.12.1979, Festkonzert 60 Jahre Linzer Konzertverein Geb\u00fcrtiger Texaner, studierte Opern und Gesang in Philadelphia und New York. Durch Fulbright-Stipendium Engagement an das Teatro dell&#8217;Opera in Rom, dann Auftritte in Bremen, Hannover, &hellip; <\/p>\n<p class=\"link-more\"><a href=\"https:\/\/wppool.abenteuerbox.at\/DA_KV_Linz\/?page_id=2424\" class=\"more-link\">Read more<span class=\"screen-reader-text\"> &#8222;William Ingle&#8220;<\/span><\/a><\/p>\n","protected":false},"author":1,"featured_media":0,"parent":0,"menu_order":0,"comment_status":"closed","ping_status":"closed","template":"","meta":{"inspiro_hide_title":false,"footnotes":""},"class_list":["post-2424","page","type-page","status-publish","hentry"],"_links":{"self":[{"href":"https:\/\/wppool.abenteuerbox.at\/DA_KV_Linz\/index.php?rest_route=\/wp\/v2\/pages\/2424","targetHints":{"allow":["GET"]}}],"collection":[{"href":"https:\/\/wppool.abenteuerbox.at\/DA_KV_Linz\/index.php?rest_route=\/wp\/v2\/pages"}],"about":[{"href":"https:\/\/wppool.abenteuerbox.at\/DA_KV_Linz\/index.php?rest_route=\/wp\/v2\/types\/page"}],"author":[{"embeddable":true,"href":"https:\/\/wppool.abenteuerbox.at\/DA_KV_Linz\/index.php?rest_route=\/wp\/v2\/users\/1"}],"replies":[{"embeddable":true,"href":"https:\/\/wppool.abenteuerbox.at\/DA_KV_Linz\/index.php?rest_route=%2Fwp%2Fv2%2Fcomments&post=2424"}],"version-history":[{"count":10,"href":"https:\/\/wppool.abenteuerbox.at\/DA_KV_Linz\/index.php?rest_route=\/wp\/v2\/pages\/2424\/revisions"}],"predecessor-version":[{"id":7647,"href":"https:\/\/wppool.abenteuerbox.at\/DA_KV_Linz\/index.php?rest_route=\/wp\/v2\/pages\/2424\/revisions\/7647"}],"wp:attachment":[{"href":"https:\/\/wppool.abenteuerbox.at\/DA_KV_Linz\/index.php?rest_route=%2Fwp%2Fv2%2Fmedia&parent=2424"}],"curies":[{"name":"wp","href":"https:\/\/api.w.org\/{rel}","templated":true}]}}