{"id":2548,"date":"2025-01-15T17:09:58","date_gmt":"2025-01-15T16:09:58","guid":{"rendered":"https:\/\/wppool.abenteuerbox.at\/DA_KV_Linz\/?page_id=2548"},"modified":"2025-01-26T21:00:29","modified_gmt":"2025-01-26T20:00:29","slug":"andreas-poezlberger","status":"publish","type":"page","link":"https:\/\/wppool.abenteuerbox.at\/DA_KV_Linz\/?page_id=2548","title":{"rendered":"Andreas P\u00f6zlberger"},"content":{"rendered":"\t\t<div data-elementor-type=\"wp-page\" data-elementor-id=\"2548\" class=\"elementor elementor-2548\">\n\t\t\t\t<div class=\"elementor-element elementor-element-717fcc3 e-flex e-con-boxed e-con e-parent\" data-id=\"717fcc3\" data-element_type=\"container\">\n\t\t\t\t\t<div class=\"e-con-inner\">\n\t\t\t\t<div class=\"elementor-element elementor-element-48fd15d elementor-widget elementor-widget-heading\" data-id=\"48fd15d\" data-element_type=\"widget\" data-widget_type=\"heading.default\">\n\t\t\t\t<div class=\"elementor-widget-container\">\n\t\t\t\t\t<h2 class=\"elementor-heading-title elementor-size-default\">Violoncello<\/h2>\t\t\t\t<\/div>\n\t\t\t\t<\/div>\n\t\t\t\t\t<\/div>\n\t\t\t\t<\/div>\n\t\t<div class=\"elementor-element elementor-element-58ef3b5 e-flex e-con-boxed e-con e-parent\" data-id=\"58ef3b5\" data-element_type=\"container\">\n\t\t\t\t\t<div class=\"e-con-inner\">\n\t\t<div class=\"elementor-element elementor-element-53fd8d0 e-con-full e-flex e-con e-child\" data-id=\"53fd8d0\" data-element_type=\"container\">\n\t\t\t\t<div class=\"elementor-element elementor-element-48d162e elementor-widget elementor-widget-text-editor\" data-id=\"48d162e\" data-element_type=\"widget\" data-widget_type=\"text-editor.default\">\n\t\t\t\t<div class=\"elementor-widget-container\">\n\t\t\t\t\t\t\t\t\t<p><strong>Auftritte im Linzer Konzertverein:<\/strong><\/p><p>08.04.1987, Sinfoniekonzert<\/p>\t\t\t\t\t\t\t\t<\/div>\n\t\t\t\t<\/div>\n\t\t\t\t<\/div>\n\t\t<div class=\"elementor-element elementor-element-785a44e e-con-full e-flex e-con e-child\" data-id=\"785a44e\" data-element_type=\"container\">\n\t\t\t\t<div class=\"elementor-element elementor-element-4ea3559 elementor-widget elementor-widget-image\" data-id=\"4ea3559\" data-element_type=\"widget\" data-widget_type=\"image.default\">\n\t\t\t\t<div class=\"elementor-widget-container\">\n\t\t\t\t\t\t\t\t\t\t\t\t\t\t\t<img fetchpriority=\"high\" decoding=\"async\" width=\"262\" height=\"350\" src=\"https:\/\/wppool.abenteuerbox.at\/DA_KV_Linz\/wp-content\/uploads\/2025\/01\/Poezlberger_Andreas.jpg\" class=\"attachment-large size-large wp-image-2551\" alt=\"\" srcset=\"https:\/\/wppool.abenteuerbox.at\/DA_KV_Linz\/wp-content\/uploads\/2025\/01\/Poezlberger_Andreas.jpg 262w, https:\/\/wppool.abenteuerbox.at\/DA_KV_Linz\/wp-content\/uploads\/2025\/01\/Poezlberger_Andreas-225x300.jpg 225w\" sizes=\"100vw\" \/>\t\t\t\t\t\t\t\t\t\t\t\t\t\t\t<\/div>\n\t\t\t\t<\/div>\n\t\t\t\t<\/div>\n\t\t<div class=\"elementor-element elementor-element-4476e4d e-con-full e-flex e-con e-child\" data-id=\"4476e4d\" data-element_type=\"container\">\n\t\t\t\t<div class=\"elementor-element elementor-element-9670ab8 elementor-widget elementor-widget-text-editor\" data-id=\"9670ab8\" data-element_type=\"widget\" data-widget_type=\"text-editor.default\">\n\t\t\t\t<div class=\"elementor-widget-container\">\n\t\t\t\t\t\t\t\t\t<p>Geboren am 13. Februar 1963. Lernt seit seinem 5. Lebensjahr Violoncello. Am Anfang am Brucknerkonservatorium in Linz bei Prof. Dr. Picker und seit seinem 10. Jahr an der Musikhochschule Mozarteum in Salzburg bei Prof. Wilfried Tachezi. Pr\u00fcfung in Musikp\u00e4dagogik (f\u00fcr Instrumentallehrer, Seminar B) als Externist am Brucknerkonservatorium in Linz.<br \/>K\u00fcnsterisches Abschlu\u00df-Diplom mit Auszeichnung an der Musikhochschule Mozarteum Salzburg.<\/p><p>(1988)<\/p>\t\t\t\t\t\t\t\t<\/div>\n\t\t\t\t<\/div>\n\t\t\t\t<div class=\"elementor-element elementor-element-2e44417 elementor-widget elementor-widget-text-editor\" data-id=\"2e44417\" data-element_type=\"widget\" data-widget_type=\"text-editor.default\">\n\t\t\t\t<div class=\"elementor-widget-container\">\n\t\t\t\t\t\t\t\t\t<p style=\"text-align: right;\">\n<a href=\"javascript:history.back();\">Zur\u00fcck<\/a>\n<\/p>\t\t\t\t\t\t\t\t<\/div>\n\t\t\t\t<\/div>\n\t\t\t\t<\/div>\n\t\t\t\t\t<\/div>\n\t\t\t\t<\/div>\n\t\t\t\t<\/div>\n\t\t","protected":false},"excerpt":{"rendered":"<p>Violoncello Auftritte im Linzer Konzertverein: 08.04.1987, Sinfoniekonzert Geboren am 13. Februar 1963. Lernt seit seinem 5. Lebensjahr Violoncello. Am Anfang am Brucknerkonservatorium in Linz bei Prof. Dr. Picker und seit seinem 10. Jahr an der Musikhochschule Mozarteum in Salzburg bei Prof. Wilfried Tachezi. Pr\u00fcfung in Musikp\u00e4dagogik (f\u00fcr Instrumentallehrer, Seminar B) als Externist am Brucknerkonservatorium in &hellip; <\/p>\n<p class=\"link-more\"><a href=\"https:\/\/wppool.abenteuerbox.at\/DA_KV_Linz\/?page_id=2548\" class=\"more-link\">Read more<span class=\"screen-reader-text\"> &#8222;Andreas P\u00f6zlberger&#8220;<\/span><\/a><\/p>\n","protected":false},"author":1,"featured_media":0,"parent":0,"menu_order":0,"comment_status":"closed","ping_status":"closed","template":"","meta":{"inspiro_hide_title":false,"footnotes":""},"class_list":["post-2548","page","type-page","status-publish","hentry"],"_links":{"self":[{"href":"https:\/\/wppool.abenteuerbox.at\/DA_KV_Linz\/index.php?rest_route=\/wp\/v2\/pages\/2548","targetHints":{"allow":["GET"]}}],"collection":[{"href":"https:\/\/wppool.abenteuerbox.at\/DA_KV_Linz\/index.php?rest_route=\/wp\/v2\/pages"}],"about":[{"href":"https:\/\/wppool.abenteuerbox.at\/DA_KV_Linz\/index.php?rest_route=\/wp\/v2\/types\/page"}],"author":[{"embeddable":true,"href":"https:\/\/wppool.abenteuerbox.at\/DA_KV_Linz\/index.php?rest_route=\/wp\/v2\/users\/1"}],"replies":[{"embeddable":true,"href":"https:\/\/wppool.abenteuerbox.at\/DA_KV_Linz\/index.php?rest_route=%2Fwp%2Fv2%2Fcomments&post=2548"}],"version-history":[{"count":10,"href":"https:\/\/wppool.abenteuerbox.at\/DA_KV_Linz\/index.php?rest_route=\/wp\/v2\/pages\/2548\/revisions"}],"predecessor-version":[{"id":7674,"href":"https:\/\/wppool.abenteuerbox.at\/DA_KV_Linz\/index.php?rest_route=\/wp\/v2\/pages\/2548\/revisions\/7674"}],"wp:attachment":[{"href":"https:\/\/wppool.abenteuerbox.at\/DA_KV_Linz\/index.php?rest_route=%2Fwp%2Fv2%2Fmedia&parent=2548"}],"curies":[{"name":"wp","href":"https:\/\/api.w.org\/{rel}","templated":true}]}}