{"id":5536,"date":"2025-01-22T12:13:24","date_gmt":"2025-01-22T11:13:24","guid":{"rendered":"https:\/\/wppool.abenteuerbox.at\/DA_KV_Linz\/?page_id=5536"},"modified":"2025-01-22T12:14:11","modified_gmt":"2025-01-22T11:14:11","slug":"johann-lissberger","status":"publish","type":"page","link":"https:\/\/wppool.abenteuerbox.at\/DA_KV_Linz\/?page_id=5536","title":{"rendered":"Johann Li\u00dfberger"},"content":{"rendered":"\t\t<div data-elementor-type=\"wp-page\" data-elementor-id=\"5536\" class=\"elementor elementor-5536\">\n\t\t\t\t<div class=\"elementor-element elementor-element-5b23cdd e-flex e-con-boxed e-con e-parent\" data-id=\"5b23cdd\" data-element_type=\"container\">\n\t\t\t\t\t<div class=\"e-con-inner\">\n\t\t<div class=\"elementor-element elementor-element-b5aa775 e-con-full e-flex e-con e-child\" data-id=\"b5aa775\" data-element_type=\"container\">\n\t\t\t\t<div class=\"elementor-element elementor-element-437024c elementor-widget elementor-widget-heading\" data-id=\"437024c\" data-element_type=\"widget\" data-widget_type=\"heading.default\">\n\t\t\t\t<div class=\"elementor-widget-container\">\n\t\t\t\t\t<h2 class=\"elementor-heading-title elementor-size-default\">Obmann\/Pr\u00e4sident<\/h2>\t\t\t\t<\/div>\n\t\t\t\t<\/div>\n\t\t\t\t<div class=\"elementor-element elementor-element-764a6dd elementor-widget elementor-widget-text-editor\" data-id=\"764a6dd\" data-element_type=\"widget\" data-widget_type=\"text-editor.default\">\n\t\t\t\t<div class=\"elementor-widget-container\">\n\t\t\t\t\t\t\t\t\t<p>Obmann seit 2010, Pr\u00e4sident seit 2016<\/p>\t\t\t\t\t\t\t\t<\/div>\n\t\t\t\t<\/div>\n\t\t\t\t<\/div>\n\t\t<div class=\"elementor-element elementor-element-52833f7 e-con-full e-flex e-con e-child\" data-id=\"52833f7\" data-element_type=\"container\">\n\t\t\t\t<div class=\"elementor-element elementor-element-5c8d41c elementor-widget elementor-widget-image\" data-id=\"5c8d41c\" data-element_type=\"widget\" data-widget_type=\"image.default\">\n\t\t\t\t<div class=\"elementor-widget-container\">\n\t\t\t\t\t\t\t\t\t\t\t\t\t\t\t<img fetchpriority=\"high\" decoding=\"async\" width=\"600\" height=\"800\" src=\"https:\/\/wppool.abenteuerbox.at\/DA_KV_Linz\/wp-content\/uploads\/2025\/01\/Lissberger_Johann.jpg\" class=\"attachment-large size-large wp-image-5544\" alt=\"\" srcset=\"https:\/\/wppool.abenteuerbox.at\/DA_KV_Linz\/wp-content\/uploads\/2025\/01\/Lissberger_Johann.jpg 600w, https:\/\/wppool.abenteuerbox.at\/DA_KV_Linz\/wp-content\/uploads\/2025\/01\/Lissberger_Johann-225x300.jpg 225w\" sizes=\"100vw\" \/>\t\t\t\t\t\t\t\t\t\t\t\t\t\t\t<\/div>\n\t\t\t\t<\/div>\n\t\t\t\t<\/div>\n\t\t<div class=\"elementor-element elementor-element-cf0b145 e-con-full e-flex e-con e-child\" data-id=\"cf0b145\" data-element_type=\"container\">\n\t\t\t\t<div class=\"elementor-element elementor-element-8d5b154 elementor-widget elementor-widget-text-editor\" data-id=\"8d5b154\" data-element_type=\"widget\" data-widget_type=\"text-editor.default\">\n\t\t\t\t<div class=\"elementor-widget-container\">\n\t\t\t\t\t\t\t\t\t<p>Johann Li\u00dfberger wurde am 15.4.1940 in Peuerbach geboren, wo er auch seine Kindheits- und Jugendjahre verbrachte. Vom Vater bekam er Unterricht im Fl\u00f6tenspiel und wirkte bereits mit 11 Jahren in der \u00f6rtlichen Blasmusikkapelle mit. Unmittelbar nach dem Pflichtschulabschluss trat er in die Dienste der Sparkasse in Peuerbach ein. 1959 wurde er zum Bundesheer einberufen und verpflichtete sich f\u00fcr vier Jahre um in Ebelsberg bei der Milit\u00e4rmusik unter der Leitung von Rudolf Zemann sein erlerntes Instrument, die Fl\u00f6te, spielen zu k\u00f6nnen. Im damaligen Brucknerkonservatorium nahm er Fl\u00f6tenunterricht und in der Musikschule der Stadt Linz machte er sich auch mit den Grundz\u00fcgen des Kontrabasses vertraut.<\/p><p>Bei der O\u00d6 Milit\u00e4rmusik (fr\u00fcher Brigademusik 4) war er bis 1963 als Fl\u00f6tist im Einsatz. Nach einem kurzen Abstecher zum Innendienst der Polizei war der Ruf der Zahlen so stark, dass er 1964 bei der Allgemeinen Sparkasse in Linz landete, wo er mit nachgeholter Matura und allen mit Erfolg abgelegten erforderlichen internen Pr\u00fcfungen vom Schalterbeamten bis zum Direktor als Bereichsleiter f\u00fcr den Zahlungsverkehr und Gesch\u00e4ftsf\u00fchrer die Karriereleiter erklomm.<\/p><p>Neben vielfachen Verpflichtungen bei verschiedenen Konzertvereinigungen war er von 1965 bis 1976 als Fl\u00f6tist aktives Mitglied im Orchester des Linzer Konzertvereins. Berufliche und private Ver\u00e4nderungen lie\u00dfen nicht die erforderliche Zeit f\u00fcr das Spiel als Orchestermitglied. Pr\u00e4sident Ziegler konnte ihn aber als Kassier des Vereines gewinnen, eine T\u00e4tigkeit die er bis 2006 aus\u00fcbte. Nach dem Tod des langj\u00e4hrigen Pr\u00e4sidenten Wolfram Ziegler \u00fcbernahm Johann Li\u00dfberger die Funktion eines Gesch\u00e4ftsf\u00fchrers unter Pr\u00e4sident Mag. Arnold Wiesberger, der im M\u00e4rz 2010 aus pers\u00f6nlichen Gr\u00fcnden von seiner Funktion zur\u00fccktrat. In der im Mai 2010 einberufenen Generalversammlung wurde Johann Li\u00dfberger zum neuen Obmann und in der Generalversammlung im April 2016 einstimmig zum neuen Pr\u00e4sident gew\u00e4hlt.<\/p><p>2019 wurde Johann Li\u00dfberger die Kulturmedaille der Stadt Linz verliehen und 2020 die Kulturmedaille des Landes O\u00d6.<\/p><p>Johann Li\u00dfberger lebt in Linz-Urfahr, ist verheiratet und Vater eines Sohnes und einer Tochter.<\/p><p>\u00a0<\/p>\t\t\t\t\t\t\t\t<\/div>\n\t\t\t\t<\/div>\n\t\t\t\t<\/div>\n\t\t\t\t\t<\/div>\n\t\t\t\t<\/div>\n\t\t\t\t<\/div>\n\t\t","protected":false},"excerpt":{"rendered":"<p>Obmann\/Pr\u00e4sident Obmann seit 2010, Pr\u00e4sident seit 2016 Johann Li\u00dfberger wurde am 15.4.1940 in Peuerbach geboren, wo er auch seine Kindheits- und Jugendjahre verbrachte. Vom Vater bekam er Unterricht im Fl\u00f6tenspiel und wirkte bereits mit 11 Jahren in der \u00f6rtlichen Blasmusikkapelle mit. Unmittelbar nach dem Pflichtschulabschluss trat er in die Dienste der Sparkasse in Peuerbach ein. &hellip; <\/p>\n<p class=\"link-more\"><a href=\"https:\/\/wppool.abenteuerbox.at\/DA_KV_Linz\/?page_id=5536\" class=\"more-link\">Read more<span class=\"screen-reader-text\"> &#8222;Johann Li\u00dfberger&#8220;<\/span><\/a><\/p>\n","protected":false},"author":1,"featured_media":0,"parent":0,"menu_order":0,"comment_status":"closed","ping_status":"closed","template":"","meta":{"inspiro_hide_title":false,"footnotes":""},"class_list":["post-5536","page","type-page","status-publish","hentry"],"_links":{"self":[{"href":"https:\/\/wppool.abenteuerbox.at\/DA_KV_Linz\/index.php?rest_route=\/wp\/v2\/pages\/5536","targetHints":{"allow":["GET"]}}],"collection":[{"href":"https:\/\/wppool.abenteuerbox.at\/DA_KV_Linz\/index.php?rest_route=\/wp\/v2\/pages"}],"about":[{"href":"https:\/\/wppool.abenteuerbox.at\/DA_KV_Linz\/index.php?rest_route=\/wp\/v2\/types\/page"}],"author":[{"embeddable":true,"href":"https:\/\/wppool.abenteuerbox.at\/DA_KV_Linz\/index.php?rest_route=\/wp\/v2\/users\/1"}],"replies":[{"embeddable":true,"href":"https:\/\/wppool.abenteuerbox.at\/DA_KV_Linz\/index.php?rest_route=%2Fwp%2Fv2%2Fcomments&post=5536"}],"version-history":[{"count":4,"href":"https:\/\/wppool.abenteuerbox.at\/DA_KV_Linz\/index.php?rest_route=\/wp\/v2\/pages\/5536\/revisions"}],"predecessor-version":[{"id":5547,"href":"https:\/\/wppool.abenteuerbox.at\/DA_KV_Linz\/index.php?rest_route=\/wp\/v2\/pages\/5536\/revisions\/5547"}],"wp:attachment":[{"href":"https:\/\/wppool.abenteuerbox.at\/DA_KV_Linz\/index.php?rest_route=%2Fwp%2Fv2%2Fmedia&parent=5536"}],"curies":[{"name":"wp","href":"https:\/\/api.w.org\/{rel}","templated":true}]}}