{"id":5578,"date":"2025-01-22T12:21:49","date_gmt":"2025-01-22T11:21:49","guid":{"rendered":"https:\/\/wppool.abenteuerbox.at\/DA_KV_Linz\/?page_id=5578"},"modified":"2025-01-22T12:23:39","modified_gmt":"2025-01-22T11:23:39","slug":"mba-sylvia-mitterlehner","status":"publish","type":"page","link":"https:\/\/wppool.abenteuerbox.at\/DA_KV_Linz\/?page_id=5578","title":{"rendered":"MBA Sylvia Mitterlehner"},"content":{"rendered":"\t\t<div data-elementor-type=\"wp-page\" data-elementor-id=\"5578\" class=\"elementor elementor-5578\">\n\t\t\t\t<div class=\"elementor-element elementor-element-3142bd4 e-flex e-con-boxed e-con e-parent\" data-id=\"3142bd4\" data-element_type=\"container\">\n\t\t\t\t\t<div class=\"e-con-inner\">\n\t\t<div class=\"elementor-element elementor-element-c166a9b e-con-full e-flex e-con e-child\" data-id=\"c166a9b\" data-element_type=\"container\">\n\t\t\t\t<\/div>\n\t\t<div class=\"elementor-element elementor-element-9790dac e-con-full e-flex e-con e-child\" data-id=\"9790dac\" data-element_type=\"container\">\n\t\t\t\t<div class=\"elementor-element elementor-element-909755e elementor-widget elementor-widget-image\" data-id=\"909755e\" data-element_type=\"widget\" data-widget_type=\"image.default\">\n\t\t\t\t<div class=\"elementor-widget-container\">\n\t\t\t\t\t\t\t\t\t\t\t\t\t\t\t<img fetchpriority=\"high\" decoding=\"async\" width=\"320\" height=\"427\" src=\"https:\/\/wppool.abenteuerbox.at\/DA_KV_Linz\/wp-content\/uploads\/2025\/01\/Mitterlehner_Sylvia.jpg\" class=\"attachment-large size-large wp-image-5588\" alt=\"\" srcset=\"https:\/\/wppool.abenteuerbox.at\/DA_KV_Linz\/wp-content\/uploads\/2025\/01\/Mitterlehner_Sylvia.jpg 320w, https:\/\/wppool.abenteuerbox.at\/DA_KV_Linz\/wp-content\/uploads\/2025\/01\/Mitterlehner_Sylvia-225x300.jpg 225w\" sizes=\"100vw\" \/>\t\t\t\t\t\t\t\t\t\t\t\t\t\t\t<\/div>\n\t\t\t\t<\/div>\n\t\t\t\t<\/div>\n\t\t<div class=\"elementor-element elementor-element-f143394 e-con-full e-flex e-con e-child\" data-id=\"f143394\" data-element_type=\"container\">\n\t\t\t\t<div class=\"elementor-element elementor-element-dc5c40f elementor-widget elementor-widget-text-editor\" data-id=\"dc5c40f\" data-element_type=\"widget\" data-widget_type=\"text-editor.default\">\n\t\t\t\t<div class=\"elementor-widget-container\">\n\t\t\t\t\t\t\t\t\t<p>Geboren in Linz, AHS-Matura an der Schule der Kreuzschwestern. Anschlie\u00dfend im Bankwesen t\u00e4tig. Mit zehn Jahren begann ihr Geigenunterricht, zus\u00e4tzlich spielte sie Klavier und Blockfl\u00f6te.<br \/><br \/>Sylvia Mitterlehner ist in dritter Generation Musikerin beim LINZER KONZERTVEREIN. Schon ihr Gro\u00dfvater und ihr Vater spielten Geige im Orchester.<br \/>Sie spielt die zweite Geige und stand auch gemeinsam mit ihrem Vater auf der B\u00fchne.<br \/><br \/>Inzwischen war sie in einer Steuerberaterkanzlei t\u00e4tig und erwarb den akademischen Titel eines Masters of Business Administration. Dieser setzt ein postgraduales generalistisches Managementstudium voraus, das alle wesentlichen Managementfunktionen abdeckt. Eineinhalb Jahre intensives Studium waren erforderlich.<br \/><br \/>Seit 2006 ist Sylvia Mitterlehner nicht nur Ochestermitglied sondern auch Kassierin beim LINZER KONZERTVEREIN und zust\u00e4ndig f\u00fcr die Kartenabrechnungen, Honorar\u00fcberweisungen und alle Belange die das Finanzamt betreffen.<br \/><br \/>Im Verein &#8222;Altstadt Neu&#8220; ist sie auch als Kassierin t\u00e4tig und durch die Renovierung ihres Hauses am Linzer Hauptplatz mit dem Denkmalschutz bestens vertraut.<br \/><br \/><\/p>\t\t\t\t\t\t\t\t<\/div>\n\t\t\t\t<\/div>\n\t\t\t\t<\/div>\n\t\t\t\t\t<\/div>\n\t\t\t\t<\/div>\n\t\t\t\t<\/div>\n\t\t","protected":false},"excerpt":{"rendered":"<p>Geboren in Linz, AHS-Matura an der Schule der Kreuzschwestern. Anschlie\u00dfend im Bankwesen t\u00e4tig. Mit zehn Jahren begann ihr Geigenunterricht, zus\u00e4tzlich spielte sie Klavier und Blockfl\u00f6te. Sylvia Mitterlehner ist in dritter Generation Musikerin beim LINZER KONZERTVEREIN. Schon ihr Gro\u00dfvater und ihr Vater spielten Geige im Orchester.Sie spielt die zweite Geige und stand auch gemeinsam mit ihrem &hellip; <\/p>\n<p class=\"link-more\"><a href=\"https:\/\/wppool.abenteuerbox.at\/DA_KV_Linz\/?page_id=5578\" class=\"more-link\">Read more<span class=\"screen-reader-text\"> &#8222;MBA Sylvia Mitterlehner&#8220;<\/span><\/a><\/p>\n","protected":false},"author":1,"featured_media":0,"parent":0,"menu_order":0,"comment_status":"closed","ping_status":"closed","template":"","meta":{"inspiro_hide_title":false,"footnotes":""},"class_list":["post-5578","page","type-page","status-publish","hentry"],"_links":{"self":[{"href":"https:\/\/wppool.abenteuerbox.at\/DA_KV_Linz\/index.php?rest_route=\/wp\/v2\/pages\/5578","targetHints":{"allow":["GET"]}}],"collection":[{"href":"https:\/\/wppool.abenteuerbox.at\/DA_KV_Linz\/index.php?rest_route=\/wp\/v2\/pages"}],"about":[{"href":"https:\/\/wppool.abenteuerbox.at\/DA_KV_Linz\/index.php?rest_route=\/wp\/v2\/types\/page"}],"author":[{"embeddable":true,"href":"https:\/\/wppool.abenteuerbox.at\/DA_KV_Linz\/index.php?rest_route=\/wp\/v2\/users\/1"}],"replies":[{"embeddable":true,"href":"https:\/\/wppool.abenteuerbox.at\/DA_KV_Linz\/index.php?rest_route=%2Fwp%2Fv2%2Fcomments&post=5578"}],"version-history":[{"count":10,"href":"https:\/\/wppool.abenteuerbox.at\/DA_KV_Linz\/index.php?rest_route=\/wp\/v2\/pages\/5578\/revisions"}],"predecessor-version":[{"id":5607,"href":"https:\/\/wppool.abenteuerbox.at\/DA_KV_Linz\/index.php?rest_route=\/wp\/v2\/pages\/5578\/revisions\/5607"}],"wp:attachment":[{"href":"https:\/\/wppool.abenteuerbox.at\/DA_KV_Linz\/index.php?rest_route=%2Fwp%2Fv2%2Fmedia&parent=5578"}],"curies":[{"name":"wp","href":"https:\/\/api.w.org\/{rel}","templated":true}]}}