{"id":5621,"date":"2025-01-22T12:26:20","date_gmt":"2025-01-22T11:26:20","guid":{"rendered":"https:\/\/wppool.abenteuerbox.at\/DA_KV_Linz\/?page_id=5621"},"modified":"2025-01-22T12:28:16","modified_gmt":"2025-01-22T11:28:16","slug":"monika-hinterlehner","status":"publish","type":"page","link":"https:\/\/wppool.abenteuerbox.at\/DA_KV_Linz\/?page_id=5621","title":{"rendered":"Monika Hinterlehner"},"content":{"rendered":"\t\t<div data-elementor-type=\"wp-page\" data-elementor-id=\"5621\" class=\"elementor elementor-5621\">\n\t\t\t\t<div class=\"elementor-element elementor-element-1169284 e-flex e-con-boxed e-con e-parent\" data-id=\"1169284\" data-element_type=\"container\">\n\t\t\t\t\t<div class=\"e-con-inner\">\n\t\t\t\t<div class=\"elementor-element elementor-element-7f73b70 elementor-widget elementor-widget-text-editor\" data-id=\"7f73b70\" data-element_type=\"widget\" data-widget_type=\"text-editor.default\">\n\t\t\t\t<div class=\"elementor-widget-container\">\n\t\t\t\t\t\t\t\t\t<p>Geboren in Bad Leonfelden, erster Musikunterricht in Violine, Fortsetzung der Studien in Wien. Dort Ausbildung zur Diplomkrankenschwester. Mitglied in verschiedenen Orchestern und Ch\u00f6ren (Linzer Konzertverein, Neuer Wiener Musikverein, Wiener Sch\u00fctz- Kantorei, Die Lautmaler, Linzer Singakademie, Wartberger Chor, Ennser Kammerorchester, Schubertorchester, Amstettner Symphonieorchester, Salonorchester Vorderweissenbach, Camerata Garstina).<\/p><p>Von 1975 -2008 Diplomierte Gesundheits- und Krankenschwester auf der Chirurgischen Abteilung und An\u00e4sthesie im Krankenhaus der Elisabethinen in Linz. Leitung des \u201eLisl \u2013 Chores\u201c.<\/p><p>Seit 2006 regelm\u00e4\u00dfige Kammermusikkonzerte mit dem von Michael Wahlm\u00fcller gegr\u00fcndeten Ensemble \u201eLentia nova\u201c. (Violine und Viola).<\/p><p>Monika Hinterlehner ist seit 1975 mit Dr. Hansj\u00f6rg Hinterlehner verheiratet und Mutter einer Tochter. Gemeinsam musiziert das Ehepaar mit gro\u00dfer Begeisterung im Orchester des Linzer Konzertverein. Prof. Dr. Hansj\u00f6rg Hinterlehner seit 1969 als Bratschist und Monika Hinterlehner seit 1975 als Geigerin. Sie ist seit 2006 als Notenarchivarin Vorstandsmitglied im Linzer Konzertverein.<\/p>\t\t\t\t\t\t\t\t<\/div>\n\t\t\t\t<\/div>\n\t\t\t\t\t<\/div>\n\t\t\t\t<\/div>\n\t\t\t\t<\/div>\n\t\t","protected":false},"excerpt":{"rendered":"<p>Geboren in Bad Leonfelden, erster Musikunterricht in Violine, Fortsetzung der Studien in Wien. Dort Ausbildung zur Diplomkrankenschwester. Mitglied in verschiedenen Orchestern und Ch\u00f6ren (Linzer Konzertverein, Neuer Wiener Musikverein, Wiener Sch\u00fctz- Kantorei, Die Lautmaler, Linzer Singakademie, Wartberger Chor, Ennser Kammerorchester, Schubertorchester, Amstettner Symphonieorchester, Salonorchester Vorderweissenbach, Camerata Garstina). Von 1975 -2008 Diplomierte Gesundheits- und Krankenschwester auf der &hellip; <\/p>\n<p class=\"link-more\"><a href=\"https:\/\/wppool.abenteuerbox.at\/DA_KV_Linz\/?page_id=5621\" class=\"more-link\">Read more<span class=\"screen-reader-text\"> &#8222;Monika Hinterlehner&#8220;<\/span><\/a><\/p>\n","protected":false},"author":1,"featured_media":0,"parent":0,"menu_order":0,"comment_status":"closed","ping_status":"closed","template":"","meta":{"inspiro_hide_title":false,"footnotes":""},"class_list":["post-5621","page","type-page","status-publish","hentry"],"_links":{"self":[{"href":"https:\/\/wppool.abenteuerbox.at\/DA_KV_Linz\/index.php?rest_route=\/wp\/v2\/pages\/5621","targetHints":{"allow":["GET"]}}],"collection":[{"href":"https:\/\/wppool.abenteuerbox.at\/DA_KV_Linz\/index.php?rest_route=\/wp\/v2\/pages"}],"about":[{"href":"https:\/\/wppool.abenteuerbox.at\/DA_KV_Linz\/index.php?rest_route=\/wp\/v2\/types\/page"}],"author":[{"embeddable":true,"href":"https:\/\/wppool.abenteuerbox.at\/DA_KV_Linz\/index.php?rest_route=\/wp\/v2\/users\/1"}],"replies":[{"embeddable":true,"href":"https:\/\/wppool.abenteuerbox.at\/DA_KV_Linz\/index.php?rest_route=%2Fwp%2Fv2%2Fcomments&post=5621"}],"version-history":[{"count":4,"href":"https:\/\/wppool.abenteuerbox.at\/DA_KV_Linz\/index.php?rest_route=\/wp\/v2\/pages\/5621\/revisions"}],"predecessor-version":[{"id":5637,"href":"https:\/\/wppool.abenteuerbox.at\/DA_KV_Linz\/index.php?rest_route=\/wp\/v2\/pages\/5621\/revisions\/5637"}],"wp:attachment":[{"href":"https:\/\/wppool.abenteuerbox.at\/DA_KV_Linz\/index.php?rest_route=%2Fwp%2Fv2%2Fmedia&parent=5621"}],"curies":[{"name":"wp","href":"https:\/\/api.w.org\/{rel}","templated":true}]}}