{"id":659,"date":"2025-01-08T11:19:18","date_gmt":"2025-01-08T10:19:18","guid":{"rendered":"https:\/\/wppool.abenteuerbox.at\/DA_KV_Linz\/?page_id=659"},"modified":"2025-01-24T12:48:09","modified_gmt":"2025-01-24T11:48:09","slug":"bertin-christelbauer","status":"publish","type":"page","link":"https:\/\/wppool.abenteuerbox.at\/DA_KV_Linz\/?page_id=659","title":{"rendered":"Bertin Christelbauer"},"content":{"rendered":"\t\t<div data-elementor-type=\"wp-page\" data-elementor-id=\"659\" class=\"elementor elementor-659\">\n\t\t\t\t<div class=\"elementor-element elementor-element-3b80685 e-flex e-con-boxed e-con e-parent\" data-id=\"3b80685\" data-element_type=\"container\">\n\t\t\t\t\t<div class=\"e-con-inner\">\n\t\t<div class=\"elementor-element elementor-element-324c486 e-con-full e-flex e-con e-child\" data-id=\"324c486\" data-element_type=\"container\">\n\t\t\t\t<div class=\"elementor-element elementor-element-4919a97 elementor-widget elementor-widget-heading\" data-id=\"4919a97\" data-element_type=\"widget\" data-widget_type=\"heading.default\">\n\t\t\t\t<div class=\"elementor-widget-container\">\n\t\t\t\t\t<h2 class=\"elementor-heading-title elementor-size-default\">Cello<\/h2>\t\t\t\t<\/div>\n\t\t\t\t<\/div>\n\t\t\t\t<div class=\"elementor-element elementor-element-4d936d9 elementor-widget elementor-widget-text-editor\" data-id=\"4d936d9\" data-element_type=\"widget\" data-widget_type=\"text-editor.default\">\n\t\t\t\t<div class=\"elementor-widget-container\">\n\t\t\t\t\t\t\t\t\t<p><strong>Auftritte im Linzer Konzertverein:<\/strong><\/p><p>15.03.2024, Fr\u00fchjahrskonzert\u00a0<\/p>\t\t\t\t\t\t\t\t<\/div>\n\t\t\t\t<\/div>\n\t\t\t\t<\/div>\n\t\t<div class=\"elementor-element elementor-element-727c80f e-con-full e-flex e-con e-child\" data-id=\"727c80f\" data-element_type=\"container\">\n\t\t\t\t<div class=\"elementor-element elementor-element-c538730 elementor-widget elementor-widget-image\" data-id=\"c538730\" data-element_type=\"widget\" data-widget_type=\"image.default\">\n\t\t\t\t<div class=\"elementor-widget-container\">\n\t\t\t\t\t\t\t\t\t\t\t\t\t\t\t<img fetchpriority=\"high\" decoding=\"async\" width=\"444\" height=\"629\" src=\"https:\/\/wppool.abenteuerbox.at\/DA_KV_Linz\/wp-content\/uploads\/2025\/01\/Bertin_-Christelbauer.jpg\" class=\"attachment-large size-large wp-image-662\" alt=\"\" srcset=\"https:\/\/wppool.abenteuerbox.at\/DA_KV_Linz\/wp-content\/uploads\/2025\/01\/Bertin_-Christelbauer.jpg 444w, https:\/\/wppool.abenteuerbox.at\/DA_KV_Linz\/wp-content\/uploads\/2025\/01\/Bertin_-Christelbauer-212x300.jpg 212w\" sizes=\"100vw\" \/>\t\t\t\t\t\t\t\t\t\t\t\t\t\t\t<\/div>\n\t\t\t\t<\/div>\n\t\t\t\t<\/div>\n\t\t<div class=\"elementor-element elementor-element-206384c e-con-full e-flex e-con e-child\" data-id=\"206384c\" data-element_type=\"container\">\n\t\t\t\t<div class=\"elementor-element elementor-element-7383d2f elementor-widget elementor-widget-text-editor\" data-id=\"7383d2f\" data-element_type=\"widget\" data-widget_type=\"text-editor.default\">\n\t\t\t\t<div class=\"elementor-widget-container\">\n\t\t\t\t\t\t\t\t\t<p align=\"justify\">Der Cellist Bertin Christelbauer wurde 1978 in St. P\u00f6lten geboren und wuchs in Krems auf, wo er auch seinen ersten Cellounterricht an der Ludwig Ritter von K\u00f6chel-Musikschule bei Franz Lehner erhielt. Nach der Matura am Humanistischen Gymnasium Krems studierte er Konzertfach Violoncello am Konservatorium der Stadt Wien bei Prof. Josef Luitz und an der Musikuniversit\u00e4t Wien bei ao. Uni. Prof. Wolfgang Aichinger. Dieses Studium absolvierte er 2006 mit Auszeichnung und der Sponsion zum Magister artium.<br \/>Erg\u00e4nzend besuchte er Meisterkurse in \u00d6sterreich, Deutschland und Italien u.a. bei Wolfgang Boettcher, Wolfgang Herzer und Robert Nagy.<\/p><p>Er wirkte bei Konzerten und Tourneen der Wiener Philharmoniker, Wiener Symphoniker, Nieder\u00f6sterreichischen Tonk\u00fcnstler und des Wiener Concertvereins mit.<\/p><p>Als gefragter und begeisterter Kammermusiker spielt er in verschiedensten Formationen vom Duo mit Klavier, Harfe oder Kontrabass \u00fcber Klaviertrio (Betosi-Trio) und Streichquartett (FX-<br \/>Frenzel-Quartett, Adalbert Stifter-Quartett ) bis hin zum Oktett.<\/p><p>Konzertreisen f\u00fchrten ihn sowohl durch Europa als auch nach Asien und Amerika. Weiters nahm er mehrere CDs auf und tritt regelm\u00e4\u00dfig solistisch auf. Als Solocellist ist er u.a in der Festival Sinfonietta Linz und den Philharmonices Mundi t\u00e4tig.<\/p><p>Seit 2006 ist er Mitglied des Brucknerorchesters Linz.<\/p><p>(2019)<\/p>\t\t\t\t\t\t\t\t<\/div>\n\t\t\t\t<\/div>\n\t\t\t\t<div class=\"elementor-element elementor-element-ebc2bf8 elementor-widget elementor-widget-text-editor\" data-id=\"ebc2bf8\" data-element_type=\"widget\" data-widget_type=\"text-editor.default\">\n\t\t\t\t<div class=\"elementor-widget-container\">\n\t\t\t\t\t\t\t\t\t<p style=\"text-align: right;\">\n<a href=\"javascript:history.back();\">Zur\u00fcck<\/a>\n<\/p>\t\t\t\t\t\t\t\t<\/div>\n\t\t\t\t<\/div>\n\t\t\t\t<\/div>\n\t\t\t\t\t<\/div>\n\t\t\t\t<\/div>\n\t\t\t\t<\/div>\n\t\t","protected":false},"excerpt":{"rendered":"<p>Cello Auftritte im Linzer Konzertverein: 15.03.2024, Fr\u00fchjahrskonzert\u00a0 Der Cellist Bertin Christelbauer wurde 1978 in St. P\u00f6lten geboren und wuchs in Krems auf, wo er auch seinen ersten Cellounterricht an der Ludwig Ritter von K\u00f6chel-Musikschule bei Franz Lehner erhielt. Nach der Matura am Humanistischen Gymnasium Krems studierte er Konzertfach Violoncello am Konservatorium der Stadt Wien bei &hellip; <\/p>\n<p class=\"link-more\"><a href=\"https:\/\/wppool.abenteuerbox.at\/DA_KV_Linz\/?page_id=659\" class=\"more-link\">Read more<span class=\"screen-reader-text\"> &#8222;Bertin Christelbauer&#8220;<\/span><\/a><\/p>\n","protected":false},"author":1,"featured_media":0,"parent":0,"menu_order":0,"comment_status":"closed","ping_status":"closed","template":"","meta":{"inspiro_hide_title":false,"footnotes":""},"class_list":["post-659","page","type-page","status-publish","hentry"],"_links":{"self":[{"href":"https:\/\/wppool.abenteuerbox.at\/DA_KV_Linz\/index.php?rest_route=\/wp\/v2\/pages\/659","targetHints":{"allow":["GET"]}}],"collection":[{"href":"https:\/\/wppool.abenteuerbox.at\/DA_KV_Linz\/index.php?rest_route=\/wp\/v2\/pages"}],"about":[{"href":"https:\/\/wppool.abenteuerbox.at\/DA_KV_Linz\/index.php?rest_route=\/wp\/v2\/types\/page"}],"author":[{"embeddable":true,"href":"https:\/\/wppool.abenteuerbox.at\/DA_KV_Linz\/index.php?rest_route=\/wp\/v2\/users\/1"}],"replies":[{"embeddable":true,"href":"https:\/\/wppool.abenteuerbox.at\/DA_KV_Linz\/index.php?rest_route=%2Fwp%2Fv2%2Fcomments&post=659"}],"version-history":[{"count":23,"href":"https:\/\/wppool.abenteuerbox.at\/DA_KV_Linz\/index.php?rest_route=\/wp\/v2\/pages\/659\/revisions"}],"predecessor-version":[{"id":6314,"href":"https:\/\/wppool.abenteuerbox.at\/DA_KV_Linz\/index.php?rest_route=\/wp\/v2\/pages\/659\/revisions\/6314"}],"wp:attachment":[{"href":"https:\/\/wppool.abenteuerbox.at\/DA_KV_Linz\/index.php?rest_route=%2Fwp%2Fv2%2Fmedia&parent=659"}],"curies":[{"name":"wp","href":"https:\/\/api.w.org\/{rel}","templated":true}]}}