{"id":900,"date":"2025-01-10T12:12:21","date_gmt":"2025-01-10T11:12:21","guid":{"rendered":"https:\/\/wppool.abenteuerbox.at\/DA_KV_Linz\/?page_id=900"},"modified":"2025-01-24T16:44:17","modified_gmt":"2025-01-24T15:44:17","slug":"ikarus-kaiser","status":"publish","type":"page","link":"https:\/\/wppool.abenteuerbox.at\/DA_KV_Linz\/?page_id=900","title":{"rendered":"Ikarus Kaiser"},"content":{"rendered":"\t\t<div data-elementor-type=\"wp-page\" data-elementor-id=\"900\" class=\"elementor elementor-900\">\n\t\t\t\t<div class=\"elementor-element elementor-element-bcde97b e-flex e-con-boxed e-con e-parent\" data-id=\"bcde97b\" data-element_type=\"container\">\n\t\t\t\t\t<div class=\"e-con-inner\">\n\t\t<div class=\"elementor-element elementor-element-883effd e-con-full e-flex e-con e-child\" data-id=\"883effd\" data-element_type=\"container\">\n\t\t\t\t<div class=\"elementor-element elementor-element-298fe71 elementor-widget elementor-widget-heading\" data-id=\"298fe71\" data-element_type=\"widget\" data-widget_type=\"heading.default\">\n\t\t\t\t<div class=\"elementor-widget-container\">\n\t\t\t\t\t<h2 class=\"elementor-heading-title elementor-size-default\">Orgel<\/h2>\t\t\t\t<\/div>\n\t\t\t\t<\/div>\n\t\t\t\t<div class=\"elementor-element elementor-element-8877897 elementor-widget elementor-widget-text-editor\" data-id=\"8877897\" data-element_type=\"widget\" data-widget_type=\"text-editor.default\">\n\t\t\t\t<div class=\"elementor-widget-container\">\n\t\t\t\t\t\t\t\t\t<p><strong>Auftritte im Linzer Konzertverein:<\/strong><\/p><p>23.03.2022, Fr\u00fchjahrskonzert<br \/>04.12.2019, Festkonzert<\/p>\t\t\t\t\t\t\t\t<\/div>\n\t\t\t\t<\/div>\n\t\t\t\t<\/div>\n\t\t<div class=\"elementor-element elementor-element-609d88a e-con-full e-flex e-con e-child\" data-id=\"609d88a\" data-element_type=\"container\">\n\t\t\t\t<div class=\"elementor-element elementor-element-fe118d5 elementor-widget elementor-widget-image\" data-id=\"fe118d5\" data-element_type=\"widget\" data-widget_type=\"image.default\">\n\t\t\t\t<div class=\"elementor-widget-container\">\n\t\t\t\t\t\t\t\t\t\t\t\t\t\t\t<img fetchpriority=\"high\" decoding=\"async\" width=\"389\" height=\"543\" src=\"https:\/\/wppool.abenteuerbox.at\/DA_KV_Linz\/wp-content\/uploads\/2025\/01\/Kaiser_Ikarus-1.jpg\" class=\"attachment-large size-large wp-image-6180\" alt=\"\" srcset=\"https:\/\/wppool.abenteuerbox.at\/DA_KV_Linz\/wp-content\/uploads\/2025\/01\/Kaiser_Ikarus-1.jpg 389w, https:\/\/wppool.abenteuerbox.at\/DA_KV_Linz\/wp-content\/uploads\/2025\/01\/Kaiser_Ikarus-1-215x300.jpg 215w\" sizes=\"100vw\" \/>\t\t\t\t\t\t\t\t\t\t\t\t\t\t\t<\/div>\n\t\t\t\t<\/div>\n\t\t\t\t<\/div>\n\t\t<div class=\"elementor-element elementor-element-5084837 e-con-full e-flex e-con e-child\" data-id=\"5084837\" data-element_type=\"container\">\n\t\t\t\t<div class=\"elementor-element elementor-element-a386320 elementor-widget elementor-widget-text-editor\" data-id=\"a386320\" data-element_type=\"widget\" data-widget_type=\"text-editor.default\">\n\t\t\t\t<div class=\"elementor-widget-container\">\n\t\t\t\t\t\t\t\t\t<p>Ikarus Kaiser, geboren 1978 in Linz, maturierte am Stiftsgymnasium Wilhering und absolvierte umfangreiche Musikstudien am Bruckner-Konservatorium Linz sowie am Di\u00f6zesankonservatorium Linz: Kirchenmusik, Musiktheorie, Chorleitung, Kirchenmusik und Klavier Konzertfach bei Horst Matth\u00e4us. Bereits als Stiftsgymnasiast war Kaiser zudem als Organist in seiner Heimatpfarre Linz-Zaubertal \/ St. Margarethen t\u00e4tig.<\/p><p>Nach Studien der Musikwissenschaft und klassischer Philologie an den Universit\u00e4ten Salzburg und Wien promovierte er 2004 mit einer Arbeit \u00fcber den altgriechischen Aristoteles-Sch\u00fcler Aristoxenos aus Tarent, einen der ersten Musiktheoretiker des europ\u00e4ischen Abendlandes. In erweiterter Form erschien diese Arbeit sp\u00e4ter unter dem Titel \u201eDie Fragmente des Aristoxenos aus Tarent\u201c im Olms-Verlag. Mit Stipendien der \u00d6sterreichischen Akademie der Wissenschaften und der ober\u00f6sterreichischen Landesregierung absolvierte Ikarus Kaiser einen zweij\u00e4hrigen Studienaufenthalt in Rom. Seit 2001 wirkt er als Stiftsorganist der Zisterzienserabtei Wilhering, seit 2010 zus\u00e4tzlich als Leiter des kl\u00f6sterlichen Musikarchives. In dieser Eigenschaft kuratiert er auch die j\u00e4hrlichen Orgelkonzerte im Rahmen des \u201eWilheringer Orgelherbstes\u201c.<\/p><p>Ikarus Kaiser ist Autor zahlreicher wissenschaftlicher Beitr\u00e4ge zur ober\u00f6sterreichischen Musikgeschichte. Erw\u00e4hnt seien etwa seine Arbeiten \u00fcber den Linzer Domorganisten und Bruckner-Sch\u00fcler Karl Waldeck sowie \u00fcber den Dirigenten, Pianisten und Musikp\u00e4dagogen August G\u00f6llerich. Besondere Verdienste erwarb sich Kaiser um die wissenschaftliche Dokumentation etlicher kirchlicher und privater Musikarchiv-Best\u00e4nde in ganz Ober\u00f6sterreich und im Benediktinerstift Admont mittels der Datenbank des \u201eInternationalen Quellenlexikons der Musik\u201c (RISM). Konzerte und wissenschaftliche Vortr\u00e4ge f\u00fchrten ihn nach Deutschland, Tschechien, Italien und S\u00fcdkorea. Von 2008 bis 2013 hatte Kaiser Lehrauftr\u00e4ge am Musikwissenschaftlichen Institut der Universit\u00e4t Wien inne. Es folgte ein mehrj\u00e4hriges Forschungsprojekt an der \u00d6sterreichischen Akademie der Wissenschaften. In den Jahren 2016 bis 2018 initiierte und betreute Ikarus Kaiser die Restaurierung der beiden historischen Orgeln der Stiftskirche Wilhering durch das Schweizer Orgelbauunternehmen Kuhn AG.<\/p><p>2021 erschien anl\u00e4sslich des 875-Jahr-Jubil\u00e4ums des Stiftes Wilhering seine erste CD-Einspielung an den Orgeln der Stiftskirche im Label \u201eAmbiente Audio\u201c unter Mitwirkung von Thomas Dinb\u00f6ck. Diese CD wurde in internationalen Fachzeitschriften hervorragend rezensiert.<\/p><p>Ikarus Kaisers langj\u00e4hrige T\u00e4tigkeiten als Halter auf einer Hochalm im steirischen Salzkammergut w\u00e4hrend der Sommermonate sowie als aktiver H\u00f6hlenforscher runden seine facettenreiche Pers\u00f6nlichkeit ab.<\/p><p>(2021)<\/p>\t\t\t\t\t\t\t\t<\/div>\n\t\t\t\t<\/div>\n\t\t\t\t<div class=\"elementor-element elementor-element-fdbc9cd elementor-widget elementor-widget-text-editor\" data-id=\"fdbc9cd\" data-element_type=\"widget\" data-widget_type=\"text-editor.default\">\n\t\t\t\t<div class=\"elementor-widget-container\">\n\t\t\t\t\t\t\t\t\t<p style=\"text-align: right;\">\n<a href=\"javascript:history.back();\">Zur\u00fcck<\/a>\n<\/p>\t\t\t\t\t\t\t\t<\/div>\n\t\t\t\t<\/div>\n\t\t\t\t<\/div>\n\t\t\t\t\t<\/div>\n\t\t\t\t<\/div>\n\t\t\t\t<\/div>\n\t\t","protected":false},"excerpt":{"rendered":"<p>Orgel Auftritte im Linzer Konzertverein: 23.03.2022, Fr\u00fchjahrskonzert04.12.2019, Festkonzert Ikarus Kaiser, geboren 1978 in Linz, maturierte am Stiftsgymnasium Wilhering und absolvierte umfangreiche Musikstudien am Bruckner-Konservatorium Linz sowie am Di\u00f6zesankonservatorium Linz: Kirchenmusik, Musiktheorie, Chorleitung, Kirchenmusik und Klavier Konzertfach bei Horst Matth\u00e4us. Bereits als Stiftsgymnasiast war Kaiser zudem als Organist in seiner Heimatpfarre Linz-Zaubertal \/ St. Margarethen t\u00e4tig. &hellip; <\/p>\n<p class=\"link-more\"><a href=\"https:\/\/wppool.abenteuerbox.at\/DA_KV_Linz\/?page_id=900\" class=\"more-link\">Read more<span class=\"screen-reader-text\"> &#8222;Ikarus Kaiser&#8220;<\/span><\/a><\/p>\n","protected":false},"author":1,"featured_media":0,"parent":0,"menu_order":0,"comment_status":"closed","ping_status":"closed","template":"","meta":{"inspiro_hide_title":false,"footnotes":""},"class_list":["post-900","page","type-page","status-publish","hentry"],"_links":{"self":[{"href":"https:\/\/wppool.abenteuerbox.at\/DA_KV_Linz\/index.php?rest_route=\/wp\/v2\/pages\/900","targetHints":{"allow":["GET"]}}],"collection":[{"href":"https:\/\/wppool.abenteuerbox.at\/DA_KV_Linz\/index.php?rest_route=\/wp\/v2\/pages"}],"about":[{"href":"https:\/\/wppool.abenteuerbox.at\/DA_KV_Linz\/index.php?rest_route=\/wp\/v2\/types\/page"}],"author":[{"embeddable":true,"href":"https:\/\/wppool.abenteuerbox.at\/DA_KV_Linz\/index.php?rest_route=\/wp\/v2\/users\/1"}],"replies":[{"embeddable":true,"href":"https:\/\/wppool.abenteuerbox.at\/DA_KV_Linz\/index.php?rest_route=%2Fwp%2Fv2%2Fcomments&post=900"}],"version-history":[{"count":28,"href":"https:\/\/wppool.abenteuerbox.at\/DA_KV_Linz\/index.php?rest_route=\/wp\/v2\/pages\/900\/revisions"}],"predecessor-version":[{"id":6349,"href":"https:\/\/wppool.abenteuerbox.at\/DA_KV_Linz\/index.php?rest_route=\/wp\/v2\/pages\/900\/revisions\/6349"}],"wp:attachment":[{"href":"https:\/\/wppool.abenteuerbox.at\/DA_KV_Linz\/index.php?rest_route=%2Fwp%2Fv2%2Fmedia&parent=900"}],"curies":[{"name":"wp","href":"https:\/\/api.w.org\/{rel}","templated":true}]}}