{"id":927,"date":"2025-01-10T12:31:16","date_gmt":"2025-01-10T11:31:16","guid":{"rendered":"https:\/\/wppool.abenteuerbox.at\/DA_KV_Linz\/?page_id=927"},"modified":"2025-01-24T16:48:21","modified_gmt":"2025-01-24T15:48:21","slug":"andrea-woegerer","status":"publish","type":"page","link":"https:\/\/wppool.abenteuerbox.at\/DA_KV_Linz\/?page_id=927","title":{"rendered":"Andrea W\u00f6gerer"},"content":{"rendered":"\t\t<div data-elementor-type=\"wp-page\" data-elementor-id=\"927\" class=\"elementor elementor-927\">\n\t\t\t\t<div class=\"elementor-element elementor-element-e00d006 e-flex e-con-boxed e-con e-parent\" data-id=\"e00d006\" data-element_type=\"container\">\n\t\t\t\t\t<div class=\"e-con-inner\">\n\t\t<div class=\"elementor-element elementor-element-8c98412 e-con-full e-flex e-con e-child\" data-id=\"8c98412\" data-element_type=\"container\">\n\t\t\t\t<div class=\"elementor-element elementor-element-7e4020c elementor-widget elementor-widget-heading\" data-id=\"7e4020c\" data-element_type=\"widget\" data-widget_type=\"heading.default\">\n\t\t\t\t<div class=\"elementor-widget-container\">\n\t\t\t\t\t<h2 class=\"elementor-heading-title elementor-size-default\">2. Sopran<\/h2>\t\t\t\t<\/div>\n\t\t\t\t<\/div>\n\t\t\t\t<div class=\"elementor-element elementor-element-c25e5c7 elementor-widget elementor-widget-text-editor\" data-id=\"c25e5c7\" data-element_type=\"widget\" data-widget_type=\"text-editor.default\">\n\t\t\t\t<div class=\"elementor-widget-container\">\n\t\t\t\t\t\t\t\t\t<p><strong>Auftritte im Linzer Konzertverein:<\/strong><\/p><p>04.12.2019, Festkonzert<\/p>\t\t\t\t\t\t\t\t<\/div>\n\t\t\t\t<\/div>\n\t\t\t\t<\/div>\n\t\t<div class=\"elementor-element elementor-element-8b66dfc e-con-full e-flex e-con e-child\" data-id=\"8b66dfc\" data-element_type=\"container\">\n\t\t\t\t<div class=\"elementor-element elementor-element-76e69f9 elementor-widget elementor-widget-image\" data-id=\"76e69f9\" data-element_type=\"widget\" data-widget_type=\"image.default\">\n\t\t\t\t<div class=\"elementor-widget-container\">\n\t\t\t\t\t\t\t\t\t\t\t\t\t\t\t<img fetchpriority=\"high\" decoding=\"async\" width=\"447\" height=\"670\" src=\"https:\/\/wppool.abenteuerbox.at\/DA_KV_Linz\/wp-content\/uploads\/2025\/01\/Woegerer_Andrea.jpg\" class=\"attachment-large size-large wp-image-929\" alt=\"\" srcset=\"https:\/\/wppool.abenteuerbox.at\/DA_KV_Linz\/wp-content\/uploads\/2025\/01\/Woegerer_Andrea.jpg 447w, https:\/\/wppool.abenteuerbox.at\/DA_KV_Linz\/wp-content\/uploads\/2025\/01\/Woegerer_Andrea-200x300.jpg 200w\" sizes=\"100vw\" \/>\t\t\t\t\t\t\t\t\t\t\t\t\t\t\t<\/div>\n\t\t\t\t<\/div>\n\t\t\t\t<\/div>\n\t\t<div class=\"elementor-element elementor-element-98e4fb3 e-con-full e-flex e-con e-child\" data-id=\"98e4fb3\" data-element_type=\"container\">\n\t\t\t\t<div class=\"elementor-element elementor-element-cb1a774 elementor-widget elementor-widget-text-editor\" data-id=\"cb1a774\" data-element_type=\"widget\" data-widget_type=\"text-editor.default\">\n\t\t\t\t<div class=\"elementor-widget-container\">\n\t\t\t\t\t\t\t\t\t<p>Andrea W\u00f6gerer stammt aus einer Linzer Musikerfamilie und kam schon fr\u00fch vor allem im kirchenmusikalischen Bereich mit dem Singen in Ber\u00fchrung. Bereits w\u00e4hrend der Volksschulzeit erhielt sie Klavierunterricht.<br \/><br \/>Nach der Matura entschloss sie sich, Klavier und Gesang zu studieren und absolvierte zun\u00e4chst das IGP-Studium am damaligen Bruckner-Konservatorium Linz. An der Musikhochschule Wien schloss sie ihr Studium bei Prof. Walter Moore mit dem Diplom f\u00fcr Lied und Oratorium ab.<br \/><br \/>Es folgten zahlreiche solistische und kammermusikalische Auftritte als Pianistin und S\u00e4ngerin, u.a. mit dem Linzer Jeunesse-Orchester, dem Mozartchor Linz, der Wiener Akademie und dem Klangforum Wien.<br \/><br \/>Seit 1997 unterrichtet sie im O\u00f6. Landesmusikschulwerk Klavier, Gesang und Kinderchor und arbeitet seit einigen Jahren im Team des Kinder-und Jugendchores am Landestheater Linz, wobei sie auch den \u201eMINI-Chor\u201c f\u00fcr 5-9J\u00e4hrige betreut.<br \/><br \/>Seit Oktober 2012 leitet sie die Fachgruppe Stimme im O\u00f6. Landesmusikschulwerk. Neben den vielf\u00e4ltigen organisatorischen Aufgaben in diesem Bereich macht es ihr noch immer die gr\u00f6\u00dfte Freude, ganz junge Menschen f\u00fcr die Musik, das Singen und Musizieren zu begeistern und sie auf einem wichtigen St\u00fcck ihres Lebensweges zu begleiten.<br \/><br \/>(2018)<\/p>\t\t\t\t\t\t\t\t<\/div>\n\t\t\t\t<\/div>\n\t\t\t\t<div class=\"elementor-element elementor-element-3f27405 elementor-widget elementor-widget-text-editor\" data-id=\"3f27405\" data-element_type=\"widget\" data-widget_type=\"text-editor.default\">\n\t\t\t\t<div class=\"elementor-widget-container\">\n\t\t\t\t\t\t\t\t\t<p style=\"text-align: right;\">\n<a href=\"javascript:history.back();\">Zur\u00fcck<\/a>\n<\/p>\t\t\t\t\t\t\t\t<\/div>\n\t\t\t\t<\/div>\n\t\t\t\t<\/div>\n\t\t\t\t\t<\/div>\n\t\t\t\t<\/div>\n\t\t\t\t<\/div>\n\t\t","protected":false},"excerpt":{"rendered":"<p>2. Sopran Auftritte im Linzer Konzertverein: 04.12.2019, Festkonzert Andrea W\u00f6gerer stammt aus einer Linzer Musikerfamilie und kam schon fr\u00fch vor allem im kirchenmusikalischen Bereich mit dem Singen in Ber\u00fchrung. Bereits w\u00e4hrend der Volksschulzeit erhielt sie Klavierunterricht. Nach der Matura entschloss sie sich, Klavier und Gesang zu studieren und absolvierte zun\u00e4chst das IGP-Studium am damaligen Bruckner-Konservatorium &hellip; <\/p>\n<p class=\"link-more\"><a href=\"https:\/\/wppool.abenteuerbox.at\/DA_KV_Linz\/?page_id=927\" class=\"more-link\">Read more<span class=\"screen-reader-text\"> &#8222;Andrea W\u00f6gerer&#8220;<\/span><\/a><\/p>\n","protected":false},"author":1,"featured_media":0,"parent":0,"menu_order":0,"comment_status":"closed","ping_status":"closed","template":"","meta":{"inspiro_hide_title":false,"footnotes":""},"class_list":["post-927","page","type-page","status-publish","hentry"],"_links":{"self":[{"href":"https:\/\/wppool.abenteuerbox.at\/DA_KV_Linz\/index.php?rest_route=\/wp\/v2\/pages\/927","targetHints":{"allow":["GET"]}}],"collection":[{"href":"https:\/\/wppool.abenteuerbox.at\/DA_KV_Linz\/index.php?rest_route=\/wp\/v2\/pages"}],"about":[{"href":"https:\/\/wppool.abenteuerbox.at\/DA_KV_Linz\/index.php?rest_route=\/wp\/v2\/types\/page"}],"author":[{"embeddable":true,"href":"https:\/\/wppool.abenteuerbox.at\/DA_KV_Linz\/index.php?rest_route=\/wp\/v2\/users\/1"}],"replies":[{"embeddable":true,"href":"https:\/\/wppool.abenteuerbox.at\/DA_KV_Linz\/index.php?rest_route=%2Fwp%2Fv2%2Fcomments&post=927"}],"version-history":[{"count":19,"href":"https:\/\/wppool.abenteuerbox.at\/DA_KV_Linz\/index.php?rest_route=\/wp\/v2\/pages\/927\/revisions"}],"predecessor-version":[{"id":6358,"href":"https:\/\/wppool.abenteuerbox.at\/DA_KV_Linz\/index.php?rest_route=\/wp\/v2\/pages\/927\/revisions\/6358"}],"wp:attachment":[{"href":"https:\/\/wppool.abenteuerbox.at\/DA_KV_Linz\/index.php?rest_route=%2Fwp%2Fv2%2Fmedia&parent=927"}],"curies":[{"name":"wp","href":"https:\/\/api.w.org\/{rel}","templated":true}]}}