{"id":987,"date":"2025-01-11T10:07:12","date_gmt":"2025-01-11T09:07:12","guid":{"rendered":"https:\/\/wppool.abenteuerbox.at\/DA_KV_Linz\/?page_id=987"},"modified":"2025-01-24T16:52:34","modified_gmt":"2025-01-24T15:52:34","slug":"claudia-dischl","status":"publish","type":"page","link":"https:\/\/wppool.abenteuerbox.at\/DA_KV_Linz\/?page_id=987","title":{"rendered":"Claudia Dischl"},"content":{"rendered":"\t\t<div data-elementor-type=\"wp-page\" data-elementor-id=\"987\" class=\"elementor elementor-987\">\n\t\t\t\t<div class=\"elementor-element elementor-element-5831499 e-flex e-con-boxed e-con e-parent\" data-id=\"5831499\" data-element_type=\"container\">\n\t\t\t\t\t<div class=\"e-con-inner\">\n\t\t<div class=\"elementor-element elementor-element-e3aaf2a e-con-full e-flex e-con e-child\" data-id=\"e3aaf2a\" data-element_type=\"container\">\n\t\t\t\t<div class=\"elementor-element elementor-element-8f7bfff elementor-widget elementor-widget-heading\" data-id=\"8f7bfff\" data-element_type=\"widget\" data-widget_type=\"heading.default\">\n\t\t\t\t<div class=\"elementor-widget-container\">\n\t\t\t\t\t<h2 class=\"elementor-heading-title elementor-size-default\">Klavier<\/h2>\t\t\t\t<\/div>\n\t\t\t\t<\/div>\n\t\t\t\t<div class=\"elementor-element elementor-element-663e36d elementor-widget elementor-widget-text-editor\" data-id=\"663e36d\" data-element_type=\"widget\" data-widget_type=\"text-editor.default\">\n\t\t\t\t<div class=\"elementor-widget-container\">\n\t\t\t\t\t\t\t\t\t<p><strong>Auftritte im Linzer Konzertverein:<\/strong><\/p><p>03.04.2019, Fr\u00fchjahrskonzert<\/p>\t\t\t\t\t\t\t\t<\/div>\n\t\t\t\t<\/div>\n\t\t\t\t<\/div>\n\t\t<div class=\"elementor-element elementor-element-15357d5 e-con-full e-flex e-con e-child\" data-id=\"15357d5\" data-element_type=\"container\">\n\t\t\t\t<div class=\"elementor-element elementor-element-641d516 elementor-widget elementor-widget-image\" data-id=\"641d516\" data-element_type=\"widget\" data-widget_type=\"image.default\">\n\t\t\t\t<div class=\"elementor-widget-container\">\n\t\t\t\t\t\t\t\t\t\t\t\t\t\t\t<img fetchpriority=\"high\" decoding=\"async\" width=\"776\" height=\"1024\" src=\"https:\/\/wppool.abenteuerbox.at\/DA_KV_Linz\/wp-content\/uploads\/2025\/01\/Dischl_Claudia-1-776x1024.jpg\" class=\"attachment-large size-large wp-image-6151\" alt=\"\" srcset=\"https:\/\/wppool.abenteuerbox.at\/DA_KV_Linz\/wp-content\/uploads\/2025\/01\/Dischl_Claudia-1-776x1024.jpg 776w, https:\/\/wppool.abenteuerbox.at\/DA_KV_Linz\/wp-content\/uploads\/2025\/01\/Dischl_Claudia-1-227x300.jpg 227w, https:\/\/wppool.abenteuerbox.at\/DA_KV_Linz\/wp-content\/uploads\/2025\/01\/Dischl_Claudia-1.jpg 1105w\" sizes=\"100vw\" \/>\t\t\t\t\t\t\t\t\t\t\t\t\t\t\t<\/div>\n\t\t\t\t<\/div>\n\t\t\t\t<\/div>\n\t\t<div class=\"elementor-element elementor-element-bce28e9 e-con-full e-flex e-con e-child\" data-id=\"bce28e9\" data-element_type=\"container\">\n\t\t\t\t<div class=\"elementor-element elementor-element-005e677 elementor-widget elementor-widget-text-editor\" data-id=\"005e677\" data-element_type=\"widget\" data-widget_type=\"text-editor.default\">\n\t\t\t\t<div class=\"elementor-widget-container\">\n\t\t\t\t\t\t\t\t\t<p>Claudia Dischl, geboren 1981, wuchs in Oberhelfenschwil auf und erhielt ihren ersten Klavierunterricht mit neun Jahren an der Musikschule Toggenburg.<br \/><br \/>Pr\u00e4gend f\u00fcr ihre musikalische Entwicklung war die Gymnasialzeit an der Kantonsschule Wattwil: Sie wirkte w\u00e4hrend diesen vier Jahren sowohl als vielseitige Kammermusikerin und Korrepetitorin als auch als Solistin mit dem Orchester &#8222;il mosaico&#8220;. Orchesterreisen f\u00fchrten sie nach Schweden, Italien, Spanien, Polen und Brasilien.<br \/><br \/>Im Herbst 2000 begann sie ihre Ausbildung an der Musikhochschule Winterthur\/Z\u00fcrich bei Prof. Karl\u2013Andreas Kolly. Im Nebenfach studierte sie Liedbegleitung bei Irwin Gage, Daniel Fueter und Hans Adolfsen und Jazzgesang bei Rahel Hadorn und Marianne Racine.<br \/><br \/>2003 gewann sie den F\u00f6rderpreis der Y. Lang-Chardonnes Stiftung. Darauf folgte ein Studiums Jahr in Paris an der \u201eEcole Normale de Musique Alfred Cortot\u201c bei G. Mounier. Gleichzeitig widmete sich Claudia Dischl w\u00e4hrend dieser Zeit dem Studium der franz\u00f6sischen Sprache an der Sorbonne und Alliance Fran\u00e7aise.<br \/><br \/>Zur\u00fcck in der Schweiz nahm sie das Studium an der Z\u00fcrcher Hochschule der K\u00fcnste wieder auf und absolvierte im Februar 2005 das Konzertdiplom, im Juli 2007 das Lehrdiplom mit Auszeichnung. F\u00fcr ihren p\u00e4dagogischen Abschluss erhielt sie den Preis der &#8222;Werner und Berti-Alter&#8220;-Stiftung. W\u00e4hrend und auch nach dem Studium besuchte sie verschiedene Meisterkurse in Deutschland, Holland und Israel bei P. Gulda, F. Rieger, E. Brunner u.a.<br \/><br \/>Nach mehrj\u00e4hriger Unterrichtst\u00e4tigkeit an der Musikschule Toggenburg war Claudia Dischl von 2005 bis 2011 Klavierlehrkraft an der P\u00e4dagogischen Hochschule St. Gallen und ist bis heute als Klavierp\u00e4dagogin und Korrepetitorin an der Kantonsschule Wattwil t\u00e4tig. Ebenso erteilt sie Privatstunden im Bereich Fr\u00fchklavier und f\u00fcr Erwachsene.<br \/><br \/>Nebst ihrer Lehrt\u00e4tigkeit widmet sie sich leidenschaftlich der Kammermusik und Liedbegleitung, ist gefragte Korrepetitorin und tritt als Solistin mit verschiedenen Kammerorchestern der Ostschweiz auf.<br \/><br \/>Au\u00dferhalb ihrer musikalischen Aktivit\u00e4ten verbringt Claudia Dischl viel Zeit im Freien, mit Sport, Kochen, Tanzen und Lesen.<br \/><br \/>(2017)<\/p>\t\t\t\t\t\t\t\t<\/div>\n\t\t\t\t<\/div>\n\t\t\t\t<div class=\"elementor-element elementor-element-a9a04d0 elementor-widget elementor-widget-text-editor\" data-id=\"a9a04d0\" data-element_type=\"widget\" data-widget_type=\"text-editor.default\">\n\t\t\t\t<div class=\"elementor-widget-container\">\n\t\t\t\t\t\t\t\t\t<p style=\"text-align: right;\">\n<a href=\"javascript:history.back();\">Zur\u00fcck<\/a>\n<\/p>\t\t\t\t\t\t\t\t<\/div>\n\t\t\t\t<\/div>\n\t\t\t\t<\/div>\n\t\t\t\t\t<\/div>\n\t\t\t\t<\/div>\n\t\t\t\t<\/div>\n\t\t","protected":false},"excerpt":{"rendered":"<p>Klavier Auftritte im Linzer Konzertverein: 03.04.2019, Fr\u00fchjahrskonzert Claudia Dischl, geboren 1981, wuchs in Oberhelfenschwil auf und erhielt ihren ersten Klavierunterricht mit neun Jahren an der Musikschule Toggenburg. Pr\u00e4gend f\u00fcr ihre musikalische Entwicklung war die Gymnasialzeit an der Kantonsschule Wattwil: Sie wirkte w\u00e4hrend diesen vier Jahren sowohl als vielseitige Kammermusikerin und Korrepetitorin als auch als Solistin &hellip; <\/p>\n<p class=\"link-more\"><a href=\"https:\/\/wppool.abenteuerbox.at\/DA_KV_Linz\/?page_id=987\" class=\"more-link\">Read more<span class=\"screen-reader-text\"> &#8222;Claudia Dischl&#8220;<\/span><\/a><\/p>\n","protected":false},"author":1,"featured_media":0,"parent":0,"menu_order":0,"comment_status":"closed","ping_status":"closed","template":"","meta":{"inspiro_hide_title":false,"footnotes":""},"class_list":["post-987","page","type-page","status-publish","hentry"],"_links":{"self":[{"href":"https:\/\/wppool.abenteuerbox.at\/DA_KV_Linz\/index.php?rest_route=\/wp\/v2\/pages\/987","targetHints":{"allow":["GET"]}}],"collection":[{"href":"https:\/\/wppool.abenteuerbox.at\/DA_KV_Linz\/index.php?rest_route=\/wp\/v2\/pages"}],"about":[{"href":"https:\/\/wppool.abenteuerbox.at\/DA_KV_Linz\/index.php?rest_route=\/wp\/v2\/types\/page"}],"author":[{"embeddable":true,"href":"https:\/\/wppool.abenteuerbox.at\/DA_KV_Linz\/index.php?rest_route=\/wp\/v2\/users\/1"}],"replies":[{"embeddable":true,"href":"https:\/\/wppool.abenteuerbox.at\/DA_KV_Linz\/index.php?rest_route=%2Fwp%2Fv2%2Fcomments&post=987"}],"version-history":[{"count":25,"href":"https:\/\/wppool.abenteuerbox.at\/DA_KV_Linz\/index.php?rest_route=\/wp\/v2\/pages\/987\/revisions"}],"predecessor-version":[{"id":6379,"href":"https:\/\/wppool.abenteuerbox.at\/DA_KV_Linz\/index.php?rest_route=\/wp\/v2\/pages\/987\/revisions\/6379"}],"wp:attachment":[{"href":"https:\/\/wppool.abenteuerbox.at\/DA_KV_Linz\/index.php?rest_route=%2Fwp%2Fv2%2Fmedia&parent=987"}],"curies":[{"name":"wp","href":"https:\/\/api.w.org\/{rel}","templated":true}]}}